Last updated on 2024-04-23 08:57:56 CEST.
Flavor | Version | Tinstall | Tcheck | Ttotal | Status | Flags |
---|---|---|---|---|---|---|
r-devel-linux-x86_64-debian-clang | 1.4.0 | 88.51 | 521.72 | 610.23 | OK | |
r-devel-linux-x86_64-debian-gcc | 1.4.0 | 71.87 | 407.67 | 479.54 | OK | |
r-devel-linux-x86_64-fedora-clang | 1.4.0 | 780.05 | NOTE | |||
r-devel-linux-x86_64-fedora-gcc | 1.4.0 | 850.35 | OK | |||
r-prerel-macos-arm64 | 1.4.0 | 202.00 | NOTE | |||
r-prerel-windows-x86_64 | 1.4.0 | 66.00 | 385.00 | 451.00 | NOTE | |
r-patched-linux-x86_64 | 1.4.0 | 95.19 | 545.99 | 641.18 | OK | |
r-release-linux-x86_64 | 1.4.0 | 74.19 | 543.02 | 617.21 | OK | |
r-release-macos-arm64 | 1.4.0 | 199.00 | NOTE | |||
r-release-macos-x86_64 | 1.4.0 | 385.00 | NOTE | |||
r-release-windows-x86_64 | 1.4.0 | 83.00 | 465.00 | 548.00 | NOTE | |
r-oldrel-macos-arm64 | 1.3.0 | 226.00 | NOTE | |||
r-oldrel-windows-x86_64 | 1.3.0 | 64.00 | 432.00 | 496.00 | NOTE |
Version: 1.4.0
Check: installed package size
Result: NOTE
installed size is 5.7Mb
sub-directories of 1Mb or more:
data 2.7Mb
doc 1.1Mb
help 1.0Mb
Flavors: r-devel-linux-x86_64-fedora-clang, r-prerel-macos-arm64, r-prerel-windows-x86_64, r-release-macos-arm64, r-release-macos-x86_64, r-release-windows-x86_64
Version: 1.3.0
Check: installed package size
Result: NOTE
installed size is 11.4Mb
sub-directories of 1Mb or more:
data 2.7Mb
doc 1.1Mb
libs 6.9Mb
Flavors: r-oldrel-macos-arm64, r-oldrel-windows-x86_64