Last updated on 2024-04-23 08:57:57 CEST.
Flavor | Version | Tinstall | Tcheck | Ttotal | Status | Flags |
---|---|---|---|---|---|---|
r-devel-linux-x86_64-debian-clang | 3.4.7 | 123.75 | 197.04 | 320.79 | OK | |
r-devel-linux-x86_64-debian-gcc | 3.4.7 | 103.62 | 138.00 | 241.62 | OK | |
r-devel-linux-x86_64-fedora-clang | 3.4.7 | 408.92 | OK | |||
r-devel-linux-x86_64-fedora-gcc | 3.4.7 | 426.52 | OK | |||
r-prerel-macos-arm64 | 3.4.7 | 80.00 | NOTE | |||
r-prerel-windows-x86_64 | 3.4.7 | 92.00 | 177.00 | 269.00 | OK | |
r-patched-linux-x86_64 | 3.4.7 | 98.04 | 181.23 | 279.27 | OK | |
r-release-linux-x86_64 | 3.4.7 | 84.98 | 190.46 | 275.44 | OK | |
r-release-macos-arm64 | 3.4.7 | 103.00 | NOTE | |||
r-release-macos-x86_64 | 3.4.7 | 233.00 | NOTE | |||
r-release-windows-x86_64 | 3.4.7 | 121.00 | 207.00 | 328.00 | OK | |
r-oldrel-macos-arm64 | 3.4.7 | 88.00 | NOTE | |||
r-oldrel-windows-x86_64 | 3.4.7 | 118.00 | 203.00 | 321.00 | OK |
Version: 3.4.7
Check: installed package size
Result: NOTE
installed size is 9.1Mb
sub-directories of 1Mb or more:
doc 1.7Mb
libs 6.2Mb
Flavors: r-prerel-macos-arm64, r-release-macos-arm64, r-release-macos-x86_64, r-oldrel-macos-arm64