Last updated on 2021-04-22 08:48:17 CEST.
Flavor | Version | Tinstall | Tcheck | Ttotal | Status | Flags |
---|---|---|---|---|---|---|
r-devel-linux-x86_64-debian-clang | 1.0.0 | 44.32 | 256.49 | 300.81 | NOTE | |
r-devel-linux-x86_64-debian-gcc | 1.0.0 | 33.48 | 194.69 | 228.17 | NOTE | |
r-devel-linux-x86_64-fedora-clang | 1.0.0 | 380.68 | NOTE | |||
r-devel-linux-x86_64-fedora-gcc | 1.0.0 | 370.21 | NOTE | |||
r-devel-windows-ix86+x86_64 | 1.0.0 | 90.00 | 491.00 | 581.00 | NOTE | --no-vignettes |
r-devel-windows-x86_64-gcc10-UCRT | 1.0.0 | NOTE | ||||
r-patched-linux-x86_64 | 1.0.0 | 36.24 | 237.29 | 273.53 | NOTE | |
r-patched-solaris-x86 | 1.0.0 | 564.90 | NOTE | |||
r-release-linux-x86_64 | 1.0.0 | 41.85 | 236.38 | 278.23 | NOTE | |
r-release-macos-x86_64 | 1.0.0 | NOTE | ||||
r-release-windows-ix86+x86_64 | 1.0.0 | 91.00 | 497.00 | 588.00 | NOTE | --no-vignettes |
r-oldrel-macos-x86_64 | 1.0.0 | NOTE | ||||
r-oldrel-windows-ix86+x86_64 | 1.0.0 | 86.00 | 471.00 | 557.00 | NOTE | --no-vignettes |
Version: 1.0.0
Check: package dependencies
Result: NOTE
Packages suggested but not available for checking: 'dggrids', 'INLA'
Flavors: r-devel-linux-x86_64-debian-clang, r-devel-linux-x86_64-debian-gcc, r-devel-windows-x86_64-gcc10-UCRT, r-patched-linux-x86_64, r-patched-solaris-x86, r-release-linux-x86_64, r-release-macos-x86_64, r-oldrel-macos-x86_64
Version: 1.0.0
Check: package dependencies
Result: NOTE
Package suggested but not available for checking: ‘dggrids’
Flavors: r-devel-linux-x86_64-fedora-clang, r-devel-linux-x86_64-fedora-gcc
Version: 1.0.0
Check: installed package size
Result: NOTE
installed size is 7.8Mb
sub-directories of 1Mb or more:
data 4.8Mb
doc 1.3Mb
Flavors: r-devel-linux-x86_64-fedora-clang, r-patched-solaris-x86, r-release-macos-x86_64, r-oldrel-macos-x86_64
Version: 1.0.0
Flags: --no-vignettes
Check: package dependencies
Result: NOTE
Package suggested but not available for checking: 'dggrids'
Flavors: r-devel-windows-ix86+x86_64, r-release-windows-ix86+x86_64, r-oldrel-windows-ix86+x86_64
Version: 1.0.0
Flags: --no-vignettes
Check: installed package size
Result: NOTE
installed size is 9.2Mb
sub-directories of 1Mb or more:
data 4.8Mb
doc 1.2Mb
libs 2.0Mb
Flavors: r-devel-windows-ix86+x86_64, r-release-windows-ix86+x86_64, r-oldrel-windows-ix86+x86_64