Last updated on 2024-04-19 08:54:40 CEST.
Flavor | Version | Tinstall | Tcheck | Ttotal | Status | Flags |
---|---|---|---|---|---|---|
r-devel-linux-x86_64-debian-clang | 2.0.5 | 23.20 | 360.82 | 384.02 | OK | |
r-devel-linux-x86_64-debian-gcc | 2.0.5 | OK | ||||
r-devel-linux-x86_64-fedora-clang | 2.0.5 | 453.99 | NOTE | |||
r-devel-linux-x86_64-fedora-gcc | 2.0.5 | 452.17 | NOTE | |||
r-prerel-macos-arm64 | 2.0.5 | 102.00 | OK | |||
r-prerel-windows-x86_64 | 2.0.5 | 19.00 | 255.00 | 274.00 | OK | |
r-patched-linux-x86_64 | 2.0.5 | 17.04 | 323.44 | 340.48 | OK | |
r-release-linux-x86_64 | 2.0.5 | 14.59 | 328.12 | 342.71 | OK | |
r-release-macos-arm64 | 2.0.5 | 120.00 | OK | |||
r-release-macos-x86_64 | 2.0.5 | 212.00 | OK | |||
r-release-windows-x86_64 | 2.0.5 | 24.00 | 329.00 | 353.00 | OK | |
r-oldrel-macos-arm64 | 2.0.5 | 110.00 | NOTE | |||
r-oldrel-windows-x86_64 | 2.0.5 | 26.00 | 323.00 | 349.00 | OK |
Version: 2.0.5
Check: dependencies in R code
Result: NOTE
Namespaces in Imports field not imported from:
‘class’ ‘mlbench’ ‘neuralnet’ ‘rpart’
All declared Imports should be used.
Flavors: r-devel-linux-x86_64-fedora-clang, r-devel-linux-x86_64-fedora-gcc, r-oldrel-macos-arm64