Last updated on 2023-02-09 07:56:50 CET.
Flavor | Version | Tinstall | Tcheck | Ttotal | Status | Flags |
---|---|---|---|---|---|---|
r-devel-linux-x86_64-debian-clang | 0.1.0 | 4.78 | 41.68 | 46.46 | OK | |
r-devel-linux-x86_64-debian-gcc | 0.1.0 | 3.82 | 32.87 | 36.69 | OK | |
r-devel-linux-x86_64-fedora-clang | 0.1.0 | 64.20 | OK | |||
r-devel-linux-x86_64-fedora-gcc | 0.1.0 | 57.31 | OK | |||
r-devel-windows-x86_64 | 0.1.0 | 12.00 | 73.00 | 85.00 | OK | |
r-patched-linux-x86_64 | 0.1.0 | 4.39 | 43.04 | 47.43 | OK | |
r-release-linux-x86_64 | 0.1.0 | 4.84 | 41.30 | 46.14 | OK | |
r-release-macos-arm64 | 0.1.0 | 20.00 | OK | |||
r-release-macos-x86_64 | 0.1.0 | 30.00 | OK | |||
r-release-windows-x86_64 | 0.1.0 | 10.00 | 77.00 | 87.00 | OK | |
r-oldrel-macos-arm64 | 0.1.0 | 25.00 | OK | |||
r-oldrel-macos-x86_64 | 0.1.0 | 29.00 | OK | |||
r-oldrel-windows-ix86+x86_64 | 0.1.0 | 2.00 | 17.00 | 19.00 | ERROR |
Version: 0.1.0
Check: whether package can be installed
Result: ERROR
Installation failed.
Flavor: r-oldrel-windows-ix86+x86_64