Last updated on 2024-04-26 08:54:56 CEST.
Flavor | Version | Tinstall | Tcheck | Ttotal | Status | Flags |
---|---|---|---|---|---|---|
r-devel-linux-x86_64-debian-clang | 2.2.0 | 44.48 | 45.78 | 90.26 | NOTE | |
r-devel-linux-x86_64-debian-gcc | 2.2.0 | 35.83 | 30.50 | 66.33 | NOTE | |
r-devel-linux-x86_64-fedora-clang | 2.2.0 | 125.41 | NOTE | |||
r-devel-linux-x86_64-fedora-gcc | 2.2.0 | 143.35 | NOTE | |||
r-devel-windows-x86_64 | 2.2.0 | 39.00 | 77.00 | 116.00 | NOTE | |
r-patched-linux-x86_64 | 2.2.0 | 48.74 | 54.86 | 103.60 | NOTE | |
r-release-linux-x86_64 | 2.2.0 | 43.04 | 55.40 | 98.44 | NOTE | |
r-release-macos-arm64 | 2.2.0 | 33.00 | NOTE | |||
r-release-windows-x86_64 | 2.2.0 | 37.00 | 75.00 | 112.00 | NOTE | |
r-oldrel-macos-arm64 | 2.2.0 | 41.00 | NOTE | |||
r-oldrel-macos-x86_64 | 2.2.0 | 59.00 | NOTE | |||
r-oldrel-windows-x86_64 | 2.2.0 | 46.00 | 81.00 | 127.00 | NOTE |
Version: 2.2.0
Check: C++ specification
Result: NOTE
Specified C++11: please drop specification unless essential
Flavors: r-devel-linux-x86_64-debian-clang, r-devel-linux-x86_64-debian-gcc, r-devel-linux-x86_64-fedora-clang, r-devel-linux-x86_64-fedora-gcc, r-devel-windows-x86_64, r-patched-linux-x86_64, r-release-linux-x86_64, r-release-macos-arm64, r-release-windows-x86_64, r-oldrel-macos-arm64, r-oldrel-macos-x86_64, r-oldrel-windows-x86_64