Last updated on 2024-08-31 08:48:11 CEST.
Flavor | Version | Tinstall | Tcheck | Ttotal | Status | Flags |
---|---|---|---|---|---|---|
r-devel-linux-x86_64-debian-clang | 1.2 | 29.04 | 24.45 | 53.49 | OK | |
r-devel-linux-x86_64-debian-gcc | 1.2 | 21.76 | 20.45 | 42.21 | OK | |
r-devel-linux-x86_64-fedora-clang | 1.2 | 98.05 | NOTE | |||
r-devel-linux-x86_64-fedora-gcc | 1.2 | 108.39 | NOTE | |||
r-devel-windows-x86_64 | 1.2 | 32.00 | 63.00 | 95.00 | OK | |
r-patched-linux-x86_64 | 1.2 | 28.12 | 25.26 | 53.38 | OK | |
r-release-linux-x86_64 | 1.2 | 31.61 | 25.30 | 56.91 | OK | |
r-release-macos-arm64 | 1.2 | 27.00 | NOTE | |||
r-release-macos-x86_64 | 1.2 | 43.00 | NOTE | |||
r-release-windows-x86_64 | 1.2 | 36.00 | 83.00 | 119.00 | OK | |
r-oldrel-macos-arm64 | 1.2 | 35.00 | NOTE | |||
r-oldrel-macos-x86_64 | 1.2 | 50.00 | NOTE | |||
r-oldrel-windows-x86_64 | 1.2 | 41.00 | 76.00 | 117.00 | OK |
Version: 1.2
Check: compiled code
Result: NOTE
File ‘FastGP/libs/FastGP.so’:
Found no calls to: ‘R_registerRoutines’, ‘R_useDynamicSymbols’
It is good practice to register native routines and to disable symbol
search.
See ‘Writing portable packages’ in the ‘Writing R Extensions’ manual.
Flavors: r-devel-linux-x86_64-fedora-clang, r-devel-linux-x86_64-fedora-gcc
Version: 1.2
Check: installed package size
Result: NOTE
installed size is 7.8Mb
sub-directories of 1Mb or more:
libs 7.4Mb
Flavors: r-release-macos-arm64, r-release-macos-x86_64, r-oldrel-macos-arm64, r-oldrel-macos-x86_64