Last updated on 2023-01-28 08:00:33 CET.
Flavor | Version | Tinstall | Tcheck | Ttotal | Status | Flags |
---|---|---|---|---|---|---|
r-devel-linux-x86_64-debian-clang | 1.1.3 | 221.75 | 93.02 | 314.77 | OK | |
r-devel-linux-x86_64-debian-gcc | 1.1.3 | 196.04 | 69.89 | 265.93 | OK | |
r-devel-linux-x86_64-fedora-clang | 1.1.3 | 474.35 | OK | |||
r-devel-linux-x86_64-fedora-gcc | 1.1.3 | 461.29 | OK | |||
r-devel-windows-x86_64 | 1.1.3 | 241.00 | 165.00 | 406.00 | NOTE | |
r-patched-linux-x86_64 | 1.1.3 | 209.21 | 89.31 | 298.52 | OK | |
r-release-linux-x86_64 | 1.1.3 | 203.70 | 89.72 | 293.42 | OK | |
r-release-macos-arm64 | 1.1.3 | 98.00 | NOTE | |||
r-release-macos-x86_64 | 1.1.3 | 132.00 | NOTE | |||
r-release-windows-x86_64 | 1.1.3 | 279.00 | 154.00 | 433.00 | NOTE | |
r-oldrel-macos-arm64 | 1.1.3 | 96.00 | NOTE | |||
r-oldrel-macos-x86_64 | 1.1.3 | 132.00 | NOTE | |||
r-oldrel-windows-ix86+x86_64 | 1.1.3 | 577.00 | 179.00 | 756.00 | NOTE |
Version: 1.1.3
Check: installed package size
Result: NOTE
installed size is 5.7Mb
sub-directories of 1Mb or more:
lib 3.0Mb
libs 2.3Mb
Flavors: r-devel-windows-x86_64, r-release-macos-arm64, r-release-macos-x86_64, r-release-windows-x86_64, r-oldrel-macos-arm64, r-oldrel-macos-x86_64, r-oldrel-windows-ix86+x86_64