Last updated on 2024-03-12 07:49:53 CET.
Flavor | Version | Tinstall | Tcheck | Ttotal | Status | Flags |
---|---|---|---|---|---|---|
r-devel-linux-x86_64-debian-clang | 1.1.4 | 217.71 | 95.98 | 313.69 | OK | |
r-devel-linux-x86_64-debian-gcc | 1.1.4 | 205.50 | 74.81 | 280.31 | OK | |
r-devel-linux-x86_64-fedora-clang | 1.1.4 | 479.94 | OK | |||
r-devel-linux-x86_64-fedora-gcc | 1.1.4 | 563.12 | OK | |||
r-devel-windows-x86_64 | 1.1.4 | 191.00 | 131.00 | 322.00 | NOTE | |
r-patched-linux-x86_64 | 1.1.4 | 243.40 | 94.14 | 337.54 | OK | |
r-release-linux-x86_64 | 1.1.4 | 249.30 | 93.62 | 342.92 | OK | |
r-release-macos-arm64 | 1.1.4 | 120.00 | NOTE | |||
r-release-macos-x86_64 | 1.1.4 | 213.00 | NOTE | |||
r-release-windows-x86_64 | 1.1.4 | 240.00 | 152.00 | 392.00 | NOTE | |
r-oldrel-macos-arm64 | 1.1.4 | 111.00 | NOTE | |||
r-oldrel-windows-x86_64 | 1.1.4 | 237.00 | 138.00 | 375.00 | NOTE |
Version: 1.1.4
Check: installed package size
Result: NOTE
installed size is 5.7Mb
sub-directories of 1Mb or more:
lib 3.0Mb
libs 2.3Mb
Flavors: r-devel-windows-x86_64, r-release-macos-arm64, r-release-macos-x86_64, r-release-windows-x86_64, r-oldrel-macos-arm64, r-oldrel-windows-x86_64