Last updated on 2024-03-12 07:49:53 CET.
Flavor | Version | Tinstall | Tcheck | Ttotal | Status | Flags |
---|---|---|---|---|---|---|
r-devel-linux-x86_64-debian-clang | 3.1.0 | 11.94 | 94.12 | 106.06 | NOTE | |
r-devel-linux-x86_64-debian-gcc | 3.1.0 | 9.22 | 72.56 | 81.78 | NOTE | |
r-devel-linux-x86_64-fedora-clang | 3.1.0 | 130.20 | NOTE | |||
r-devel-linux-x86_64-fedora-gcc | 3.1.0 | 133.34 | NOTE | |||
r-devel-windows-x86_64 | 3.1.0 | 11.00 | 83.00 | 94.00 | NOTE | |
r-patched-linux-x86_64 | 3.1.0 | 7.44 | 92.93 | 100.37 | NOTE | |
r-release-linux-x86_64 | 3.1.0 | 7.93 | 94.48 | 102.41 | NOTE | |
r-release-macos-arm64 | 3.1.0 | 42.00 | NOTE | |||
r-release-macos-x86_64 | 3.1.0 | 66.00 | NOTE | |||
r-release-windows-x86_64 | 3.1.0 | 12.00 | 99.00 | 111.00 | NOTE | |
r-oldrel-macos-arm64 | 3.1.0 | 36.00 | NOTE | |||
r-oldrel-windows-x86_64 | 3.1.0 | 14.00 | 105.00 | 119.00 | NOTE |
Version: 3.1.0
Check: LazyData
Result: NOTE
'LazyData' is specified without a 'data' directory
Flavors: r-devel-linux-x86_64-debian-clang, r-devel-linux-x86_64-debian-gcc, r-devel-linux-x86_64-fedora-clang, r-devel-linux-x86_64-fedora-gcc, r-devel-windows-x86_64, r-patched-linux-x86_64, r-release-linux-x86_64, r-release-macos-arm64, r-release-macos-x86_64, r-release-windows-x86_64, r-oldrel-macos-arm64, r-oldrel-windows-x86_64