Last updated on 2023-03-28 08:54:49 CEST.
Flavor | Version | Tinstall | Tcheck | Ttotal | Status | Flags |
---|---|---|---|---|---|---|
r-devel-linux-x86_64-debian-clang | 0.1.2 | 2.00 | 32.09 | 34.09 | NOTE | |
r-devel-linux-x86_64-debian-gcc | 0.1.2 | 1.98 | 23.82 | 25.80 | NOTE | |
r-devel-linux-x86_64-fedora-clang | 0.1.2 | 43.58 | NOTE | |||
r-devel-linux-x86_64-fedora-gcc | 0.1.2 | 41.29 | NOTE | |||
r-patched-linux-x86_64 | 0.1.2 | 2.50 | 31.00 | 33.50 | NOTE | |
r-release-linux-x86_64 | 0.1.2 | 2.16 | 30.55 | 32.71 | NOTE | |
r-release-macos-arm64 | 0.1.2 | 16.00 | NOTE | |||
r-release-macos-x86_64 | 0.1.2 | 24.00 | NOTE | |||
r-release-windows-x86_64 | 0.1.2 | 16.00 | 63.00 | 79.00 | NOTE | |
r-oldrel-macos-arm64 | 0.1.2 | 18.00 | NOTE | |||
r-oldrel-macos-x86_64 | 0.1.2 | 29.00 | NOTE | |||
r-oldrel-windows-ix86+x86_64 | 0.1.2 | 5.00 | 56.00 | 61.00 | NOTE |
Version: 0.1.2
Check: LazyData
Result: NOTE
'LazyData' is specified without a 'data' directory
Flavors: r-devel-linux-x86_64-debian-clang, r-devel-linux-x86_64-debian-gcc, r-devel-linux-x86_64-fedora-clang, r-devel-linux-x86_64-fedora-gcc, r-patched-linux-x86_64, r-release-linux-x86_64, r-release-macos-arm64, r-release-macos-x86_64, r-release-windows-x86_64, r-oldrel-macos-arm64, r-oldrel-macos-x86_64, r-oldrel-windows-ix86+x86_64