CRAN Package Check Results for Package FixSeqMTP

Last updated on 2024-06-20 08:54:48 CEST.

Flavor Version Tinstall Tcheck Ttotal Status Flags
r-devel-linux-x86_64-debian-clang 0.1.2 2.77 32.45 35.22 NOTE
r-devel-linux-x86_64-debian-gcc 0.1.2 1.99 23.63 25.62 NOTE
r-devel-linux-x86_64-fedora-clang 0.1.2 44.29 NOTE
r-devel-linux-x86_64-fedora-gcc 0.1.2 42.56 NOTE
r-devel-windows-x86_64 0.1.2 3.00 46.00 49.00 NOTE
r-patched-linux-x86_64 0.1.2 3.07 31.48 34.55 NOTE
r-release-linux-x86_64 0.1.2 2.63 32.00 34.63 NOTE
r-release-macos-arm64 0.1.2 16.00 NOTE
r-release-macos-x86_64 0.1.2 23.00 NOTE
r-release-windows-x86_64 0.1.2 3.00 48.00 51.00 NOTE
r-oldrel-macos-arm64 0.1.2 16.00 NOTE
r-oldrel-macos-x86_64 0.1.2 24.00 NOTE
r-oldrel-windows-x86_64 0.1.2 4.00 50.00 54.00 NOTE

Check Details

Version: 0.1.2
Check: LazyData
Result: NOTE 'LazyData' is specified without a 'data' directory Flavors: r-devel-linux-x86_64-debian-clang, r-devel-linux-x86_64-debian-gcc, r-devel-linux-x86_64-fedora-clang, r-devel-linux-x86_64-fedora-gcc, r-devel-windows-x86_64, r-patched-linux-x86_64, r-release-linux-x86_64, r-release-macos-arm64, r-release-macos-x86_64, r-release-windows-x86_64, r-oldrel-macos-arm64, r-oldrel-macos-x86_64, r-oldrel-windows-x86_64