CRAN Package Check Results for Package FixSeqMTP

Last updated on 2021-07-25 08:50:55 CEST.

Flavor Version Tinstall Tcheck Ttotal Status Flags
r-devel-linux-x86_64-debian-clang 0.1.2 2.60 31.20 33.80 NOTE
r-devel-linux-x86_64-debian-gcc 0.1.2 1.91 23.14 25.05 NOTE
r-devel-linux-x86_64-fedora-clang 0.1.2 49.71 NOTE
r-devel-linux-x86_64-fedora-gcc 0.1.2 39.79 NOTE
r-devel-windows-x86_64 0.1.2 6.00 33.00 39.00 NOTE
r-devel-windows-x86_64-gcc10-UCRT 0.1.2 NOTE
r-patched-linux-x86_64 0.1.2 2.65 30.25 32.90 NOTE
r-patched-solaris-x86 0.1.2 57.60 NOTE
r-release-linux-x86_64 0.1.2 2.36 30.22 32.58 NOTE
r-release-macos-arm64 0.1.2 NOTE
r-release-macos-x86_64 0.1.2 NOTE
r-release-windows-ix86+x86_64 0.1.2 5.00 34.00 39.00 NOTE
r-oldrel-macos-x86_64 0.1.2 OK
r-oldrel-windows-ix86+x86_64 0.1.2 36.00 44.00 80.00 OK

Check Details

Version: 0.1.2
Check: LazyData
Result: NOTE
     'LazyData' is specified without a 'data' directory
Flavors: r-devel-linux-x86_64-debian-clang, r-devel-linux-x86_64-debian-gcc, r-devel-linux-x86_64-fedora-clang, r-devel-linux-x86_64-fedora-gcc, r-devel-windows-x86_64, r-devel-windows-x86_64-gcc10-UCRT, r-patched-linux-x86_64, r-patched-solaris-x86, r-release-linux-x86_64, r-release-macos-arm64, r-release-macos-x86_64, r-release-windows-ix86+x86_64