Last updated on 2024-04-18 08:54:30 CEST.
Flavor | Version | Tinstall | Tcheck | Ttotal | Status | Flags |
---|---|---|---|---|---|---|
r-devel-linux-x86_64-debian-clang | 1.3.0 | 4077.30 | 345.84 | 4423.14 | NOTE | |
r-devel-linux-x86_64-debian-gcc | 1.3.0 | 3609.66 | 481.93 | 4091.59 | NOTE | |
r-prerel-macos-arm64 | 1.3.0 | 1293.00 | NOTE | |||
r-prerel-windows-x86_64 | 1.3.0 | 2486.00 | 491.00 | 2977.00 | NOTE | |
r-patched-linux-x86_64 | 1.3.0 | 0.01 | 2.63 | 2.64 | ERROR | |
r-release-linux-x86_64 | 1.3.0 | 0.02 | 2.44 | 2.46 | ERROR | |
r-release-macos-arm64 | 1.3.0 | 910.00 | NOTE | |||
r-release-macos-x86_64 | 1.3.0 | 984.00 | NOTE | |||
r-release-windows-x86_64 | 1.3.0 | 3182.00 | 648.00 | 3830.00 | NOTE | |
r-oldrel-macos-arm64 | 1.3.0 | 971.00 | NOTE | |||
r-oldrel-windows-x86_64 | 1.3.0 | 2943.00 | 551.00 | 3494.00 | NOTE |
Version: 1.3.0
Check: for GNU extensions in Makefiles
Result: NOTE
GNU make is a SystemRequirements.
Flavors: r-devel-linux-x86_64-debian-clang, r-devel-linux-x86_64-debian-gcc, r-prerel-macos-arm64, r-prerel-windows-x86_64, r-release-macos-arm64, r-release-macos-x86_64, r-release-windows-x86_64, r-oldrel-macos-arm64, r-oldrel-windows-x86_64
Version: 1.3.0
Check: installed package size
Result: NOTE
installed size is 314.6Mb
sub-directories of 1Mb or more:
libs 313.4Mb
Flavors: r-prerel-macos-arm64, r-prerel-windows-x86_64, r-release-macos-arm64, r-release-macos-x86_64, r-release-windows-x86_64, r-oldrel-macos-arm64, r-oldrel-windows-x86_64
Version: 1.3.0
Check: whether package can be installed
Result: ERROR
Installation failed.
Flavors: r-patched-linux-x86_64, r-release-linux-x86_64