CRAN Package Check Results for Package FlowScreen

Last updated on 2021-05-09 08:50:17 CEST.

Flavor Version Tinstall Tcheck Ttotal Status Flags
r-devel-linux-x86_64-debian-clang 1.2.6 5.62 57.79 63.41 OK
r-devel-linux-x86_64-debian-gcc 1.2.6 5.55 43.15 48.70 OK
r-devel-linux-x86_64-fedora-clang 1.2.6 86.14 NOTE
r-devel-linux-x86_64-fedora-gcc 1.2.6 74.91 OK
r-devel-windows-ix86+x86_64 1.2.6 7.00 77.00 84.00 OK
r-devel-windows-x86_64-gcc10-UCRT 1.2.6 OK
r-patched-linux-x86_64 1.2.6 6.14 55.86 62.00 OK
r-patched-solaris-x86 1.2.6 96.60 OK
r-release-linux-x86_64 1.2.6 5.17 54.50 59.67 OK
r-release-macos-x86_64 1.2.6 OK
r-release-windows-ix86+x86_64 1.2.6 8.00 54.00 62.00 OK
r-oldrel-macos-x86_64 1.2.6 OK
r-oldrel-windows-ix86+x86_64 1.2.6 9.00 6.00 15.00 ERROR

Check Details

Version: 1.2.6
Check: Rd cross-references
Result: NOTE
    Undeclared package ‘Kendall’ in Rd xrefs
Flavor: r-devel-linux-x86_64-fedora-clang

Version: 1.2.6
Check: whether package can be installed
Result: ERROR
    Installation failed.
Flavor: r-oldrel-windows-ix86+x86_64