CRAN Package Check Results for Package FlyingR

Last updated on 2021-05-17 09:51:19 CEST.

Flavor Version Tinstall Tcheck Ttotal Status Flags
r-devel-linux-x86_64-debian-clang 0.2.0 40.85 67.69 108.54 OK
r-devel-linux-x86_64-debian-gcc 0.2.0 25.13 49.24 74.37 OK
r-devel-linux-x86_64-fedora-clang 0.2.0 148.10 NOTE
r-devel-linux-x86_64-fedora-gcc 0.2.0 123.92 NOTE
r-devel-windows-ix86+x86_64 0.2.0 96.00 114.00 210.00 OK
r-devel-windows-x86_64-gcc10-UCRT 0.2.0 NOTE
r-patched-linux-x86_64 0.2.0 29.26 63.16 92.42 OK
r-patched-solaris-x86 0.2.0 146.70 NOTE
r-release-linux-x86_64 0.2.0 29.30 60.90 90.20 OK
r-release-macos-x86_64 0.2.0 NOTE
r-release-windows-ix86+x86_64 0.2.0 68.00 86.00 154.00 OK
r-oldrel-macos-x86_64 0.2.0 NOTE
r-oldrel-windows-ix86+x86_64 0.2.0 61.00 105.00 166.00 OK

Check Details

Version: 0.2.0
Check: dependencies in R code
Result: NOTE
    Namespaces in Imports field not imported from:
     ‘kableExtra’ ‘knitr’ ‘rmarkdown’
     All declared Imports should be used.
Flavors: r-devel-linux-x86_64-fedora-clang, r-devel-linux-x86_64-fedora-gcc, r-devel-windows-x86_64-gcc10-UCRT, r-patched-solaris-x86, r-release-macos-x86_64, r-oldrel-macos-x86_64