CRAN Package Check Results for Package ForestDisc

Last updated on 2021-05-09 08:50:17 CEST.

Flavor Version Tinstall Tcheck Ttotal Status Flags
r-devel-linux-x86_64-debian-clang 0.1.0 1.79 31.47 33.26 NOTE
r-devel-linux-x86_64-debian-gcc 0.1.0 1.83 23.36 25.19 NOTE
r-devel-linux-x86_64-fedora-clang 0.1.0 50.19 NOTE
r-devel-linux-x86_64-fedora-gcc 0.1.0 39.45 NOTE
r-devel-windows-ix86+x86_64 0.1.0 5.00 46.00 51.00 NOTE
r-devel-windows-x86_64-gcc10-UCRT 0.1.0 NOTE
r-patched-linux-x86_64 0.1.0 2.36 30.26 32.62 NOTE
r-patched-solaris-x86 0.1.0 54.80 OK
r-release-linux-x86_64 0.1.0 2.36 30.85 33.21 OK
r-release-macos-x86_64 0.1.0 OK
r-release-windows-ix86+x86_64 0.1.0 4.00 34.00 38.00 OK
r-oldrel-macos-x86_64 0.1.0 OK
r-oldrel-windows-ix86+x86_64 0.1.0 4.00 0.00 4.00 ERROR

Check Details

Version: 0.1.0
Check: LazyData
Result: NOTE
     'LazyData' is specified without a 'data' directory
Flavors: r-devel-linux-x86_64-debian-clang, r-devel-linux-x86_64-debian-gcc, r-devel-linux-x86_64-fedora-clang, r-devel-linux-x86_64-fedora-gcc, r-devel-windows-ix86+x86_64, r-devel-windows-x86_64-gcc10-UCRT, r-patched-linux-x86_64

Version: 0.1.0
Check: whether package can be installed
Result: ERROR
    Installation failed.
    *
Flavor: r-oldrel-windows-ix86+x86_64