Last updated on 2024-04-24 07:57:40 CEST.
Flavor | Version | Tinstall | Tcheck | Ttotal | Status | Flags |
---|---|---|---|---|---|---|
r-devel-linux-x86_64-debian-clang | 1.2-3 | 89.19 | 87.96 | 177.15 | OK | |
r-devel-linux-x86_64-debian-gcc | 1.2-3 | 74.99 | 69.27 | 144.26 | OK | |
r-devel-linux-x86_64-fedora-clang | 1.2-3 | 238.50 | NOTE | |||
r-devel-linux-x86_64-fedora-gcc | 1.2-3 | 235.72 | OK | |||
r-prerel-macos-arm64 | 1.2-3 | 91.00 | NOTE | |||
r-prerel-windows-x86_64 | 1.2-3 | 75.00 | 81.00 | 156.00 | NOTE | |
r-patched-linux-x86_64 | 1.2-3 | 89.47 | 84.22 | 173.69 | OK | |
r-release-linux-x86_64 | 1.2-3 | 84.51 | 83.08 | 167.59 | OK | |
r-release-macos-arm64 | 1.2-3 | 99.00 | NOTE | |||
r-release-macos-x86_64 | 1.2-3 | 256.00 | NOTE | |||
r-release-windows-x86_64 | 1.2-3 | 103.00 | 95.00 | 198.00 | NOTE | |
r-oldrel-macos-arm64 | 1.2-3 | 106.00 | NOTE | |||
r-oldrel-windows-x86_64 | 1.2-3 | 113.00 | 100.00 | 213.00 | NOTE |
Version: 1.2-3
Check: installed package size
Result: NOTE
installed size is 5.8Mb
sub-directories of 1Mb or more:
R 5.7Mb
Flavors: r-devel-linux-x86_64-fedora-clang, r-prerel-macos-arm64, r-prerel-windows-x86_64, r-release-macos-arm64, r-release-macos-x86_64, r-release-windows-x86_64, r-oldrel-macos-arm64, r-oldrel-windows-x86_64