Last updated on 2023-02-02 07:52:54 CET.
Flavor | Version | Tinstall | Tcheck | Ttotal | Status | Flags |
---|---|---|---|---|---|---|
r-devel-linux-x86_64-debian-clang | 2.5.2 | 50.27 | 58.11 | 108.38 | NOTE | |
r-devel-linux-x86_64-debian-gcc | 2.5.2 | 37.43 | 44.22 | 81.65 | NOTE | |
r-devel-linux-x86_64-fedora-clang | 2.5.2 | 179.73 | NOTE | |||
r-devel-linux-x86_64-fedora-gcc | 2.5.2 | 149.93 | NOTE | |||
r-devel-windows-x86_64 | 2.5.2 | 67.00 | 118.00 | 185.00 | NOTE | |
r-patched-linux-x86_64 | 2.5.2 | 48.86 | 56.27 | 105.13 | OK | |
r-release-linux-x86_64 | 2.5.2 | 43.79 | 52.95 | 96.74 | OK | |
r-release-macos-arm64 | 2.5.2 | 42.00 | OK | |||
r-release-macos-x86_64 | 2.5.2 | 60.00 | OK | |||
r-release-windows-x86_64 | 2.5.2 | 60.00 | 119.00 | 179.00 | OK | |
r-oldrel-macos-arm64 | 2.5.2 | 51.00 | OK | |||
r-oldrel-macos-x86_64 | 2.5.2 | 82.00 | OK | |||
r-oldrel-windows-ix86+x86_64 | 2.5.2 | 129.00 | 123.00 | 252.00 | OK |
Version: 2.5.2
Check: C++ specification
Result: NOTE
Specified C++11: please update to current default of C++17
Flavors: r-devel-linux-x86_64-debian-clang, r-devel-linux-x86_64-debian-gcc, r-devel-linux-x86_64-fedora-clang, r-devel-linux-x86_64-fedora-gcc, r-devel-windows-x86_64