Last updated on 2024-04-18 08:54:31 CEST.
Flavor | Version | Tinstall | Tcheck | Ttotal | Status | Flags |
---|---|---|---|---|---|---|
r-devel-linux-x86_64-debian-clang | 2.3.2 | 10.51 | 83.44 | 93.95 | NOTE | |
r-devel-linux-x86_64-debian-gcc | 2.3.2 | 8.56 | 58.05 | 66.61 | NOTE | |
r-devel-linux-x86_64-fedora-clang | 2.3.2 | 110.75 | NOTE | |||
r-devel-linux-x86_64-fedora-gcc | 2.3.2 | 105.21 | NOTE | |||
r-prerel-macos-arm64 | 2.3.2 | 30.00 | NOTE | |||
r-prerel-windows-x86_64 | 2.3.2 | 8.00 | 80.00 | 88.00 | NOTE | |
r-patched-linux-x86_64 | 2.3.2 | 12.62 | 75.12 | 87.74 | NOTE | |
r-release-linux-x86_64 | 2.3.2 | 12.11 | 78.67 | 90.78 | OK | |
r-release-macos-arm64 | 2.3.2 | 31.00 | OK | |||
r-release-macos-x86_64 | 2.3.2 | 52.00 | OK | |||
r-release-windows-x86_64 | 2.3.2 | 14.00 | 95.00 | 109.00 | OK | |
r-oldrel-macos-arm64 | 2.3.2 | 28.00 | OK | |||
r-oldrel-windows-x86_64 | 2.3.2 | 15.00 | 92.00 | 107.00 | OK |
Version: 2.3.2
Check: Rd files
Result: NOTE
checkRd: (-1) genmf.Rd:26: Lost braces; missing escapes or markup?
26 | \item 'gbellmf' is c(\code{a, b, c}), where \code{a} denotes the width, \code{b} is usually positive and {c} locates the center of the curve.
| ^
Flavors: r-devel-linux-x86_64-debian-clang, r-devel-linux-x86_64-debian-gcc, r-devel-linux-x86_64-fedora-clang, r-devel-linux-x86_64-fedora-gcc, r-prerel-macos-arm64, r-prerel-windows-x86_64, r-patched-linux-x86_64