CRAN Package Check Results for Package GAS

Last updated on 2021-05-12 08:48:49 CEST.

Flavor Version Tinstall Tcheck Ttotal Status Flags
r-devel-linux-x86_64-debian-clang 0.3.3 453.45 85.13 538.58 OK
r-devel-linux-x86_64-debian-gcc 0.3.3 304.52 63.21 367.73 OK
r-devel-linux-x86_64-fedora-clang 0.3.3 794.52 NOTE
r-devel-linux-x86_64-fedora-gcc 0.3.3 736.07 OK
r-devel-windows-ix86+x86_64 0.3.3 814.00 174.00 988.00 NOTE
r-devel-windows-x86_64-gcc10-UCRT 0.3.3 OK
r-patched-linux-x86_64 0.3.3 366.96 85.40 452.36 OK
r-patched-solaris-x86 0.3.3 626.60 OK
r-release-linux-x86_64 0.3.3 352.53 81.84 434.37 OK
r-release-macos-x86_64 0.3.3 NOTE
r-release-windows-ix86+x86_64 0.3.3 805.00 128.00 933.00 NOTE
r-oldrel-macos-x86_64 0.3.3 NOTE
r-oldrel-windows-ix86+x86_64 0.3.3 937.00 161.00 1098.00 OK

Check Details

Version: 0.3.3
Check: installed package size
Result: NOTE
     installed size is 11.0Mb
     sub-directories of 1Mb or more:
     data 1.4Mb
     libs 9.0Mb
Flavors: r-devel-linux-x86_64-fedora-clang, r-devel-windows-ix86+x86_64, r-release-macos-x86_64, r-release-windows-ix86+x86_64, r-oldrel-macos-x86_64