Last updated on 2024-04-20 08:50:54 CEST.
Flavor | Version | Tinstall | Tcheck | Ttotal | Status | Flags |
---|---|---|---|---|---|---|
r-devel-linux-x86_64-debian-clang | 0.1.1 | 105.77 | 30.97 | 136.74 | NOTE | |
r-devel-linux-x86_64-debian-gcc | 0.1.1 | 89.37 | 23.39 | 112.76 | NOTE | |
r-devel-linux-x86_64-fedora-clang | 0.1.1 | 202.44 | NOTE | |||
r-devel-linux-x86_64-fedora-gcc | 0.1.1 | 208.15 | NOTE | |||
r-prerel-macos-arm64 | 0.1.1 | 41.00 | NOTE | |||
r-prerel-windows-x86_64 | 0.1.1 | 84.00 | 70.00 | 154.00 | NOTE | |
r-patched-linux-x86_64 | 0.1.1 | 107.09 | 29.56 | 136.65 | NOTE | |
r-release-linux-x86_64 | 0.1.1 | 113.49 | 29.00 | 142.49 | NOTE | |
r-release-macos-arm64 | 0.1.1 | 50.00 | NOTE | |||
r-release-macos-x86_64 | 0.1.1 | 85.00 | NOTE | |||
r-release-windows-x86_64 | 0.1.1 | 96.00 | 72.00 | 168.00 | NOTE | |
r-oldrel-macos-arm64 | 0.1.1 | 45.00 | OK | |||
r-oldrel-windows-x86_64 | 0.1.1 | 100.00 | 73.00 | 173.00 | OK |
Version: 0.1.1
Check: C++ specification
Result: NOTE
Specified C++11: please drop specification unless essential
Flavors: r-devel-linux-x86_64-debian-clang, r-devel-linux-x86_64-debian-gcc, r-devel-linux-x86_64-fedora-clang, r-devel-linux-x86_64-fedora-gcc, r-prerel-macos-arm64, r-prerel-windows-x86_64, r-patched-linux-x86_64, r-release-linux-x86_64, r-release-macos-arm64, r-release-macos-x86_64, r-release-windows-x86_64