CRAN Package Check Results for Package GFE

Last updated on 2021-06-21 08:49:49 CEST.

Flavor Version Tinstall Tcheck Ttotal Status Flags
r-devel-linux-x86_64-debian-clang 0.1.0 4.34 57.73 62.07 NOTE
r-devel-linux-x86_64-debian-gcc 0.1.0 3.52 41.58 45.10 NOTE
r-devel-linux-x86_64-fedora-clang 0.1.0 83.16 NOTE
r-devel-linux-x86_64-fedora-gcc 0.1.0 70.95 NOTE
r-devel-windows-x86_64 0.1.0 8.00 71.00 79.00 NOTE
r-devel-windows-x86_64-gcc10-UCRT 0.1.0 NOTE
r-patched-linux-x86_64 0.1.0 5.13 52.95 58.08 NOTE
r-patched-solaris-x86 0.1.0 102.50 NOTE
r-release-linux-x86_64 0.1.0 3.66 52.59 56.25 NOTE
r-release-macos-arm64 0.1.0 NOTE
r-release-macos-x86_64 0.1.0 NOTE
r-release-windows-ix86+x86_64 0.1.0 12.00 71.00 83.00 NOTE
r-oldrel-macos-x86_64 0.1.0 OK

Check Details

Version: 0.1.0
Check: LazyData
Result: NOTE
     'LazyData' is specified without a 'data' directory
Flavors: r-devel-linux-x86_64-debian-clang, r-devel-linux-x86_64-debian-gcc, r-devel-linux-x86_64-fedora-clang, r-devel-linux-x86_64-fedora-gcc, r-devel-windows-x86_64, r-devel-windows-x86_64-gcc10-UCRT, r-patched-linux-x86_64, r-patched-solaris-x86, r-release-linux-x86_64, r-release-macos-arm64, r-release-macos-x86_64, r-release-windows-ix86+x86_64