Last updated on 2024-05-07 08:55:03 CEST.
Flavor | Version | Tinstall | Tcheck | Ttotal | Status | Flags |
---|---|---|---|---|---|---|
r-devel-linux-x86_64-debian-clang | 0.1.3 | 6.51 | 64.43 | 70.94 | OK | |
r-devel-linux-x86_64-debian-gcc | 0.1.3 | 5.42 | 47.98 | 53.40 | OK | |
r-devel-linux-x86_64-fedora-clang | 0.1.3 | 88.49 | NOTE | |||
r-devel-linux-x86_64-fedora-gcc | 0.1.3 | 85.88 | OK | |||
r-devel-windows-x86_64 | 0.1.3 | 8.00 | 66.00 | 74.00 | OK | |
r-patched-linux-x86_64 | 0.1.3 | 6.71 | 62.06 | 68.77 | OK | |
r-release-linux-x86_64 | 0.1.3 | 5.88 | 62.55 | 68.43 | OK | |
r-release-macos-arm64 | 0.1.3 | 28.00 | OK | |||
r-release-windows-x86_64 | 0.1.3 | 8.00 | 67.00 | 75.00 | OK | |
r-oldrel-macos-arm64 | 0.1.3 | 31.00 | OK | |||
r-oldrel-macos-x86_64 | 0.1.3 | 43.00 | OK | |||
r-oldrel-windows-x86_64 | 0.1.3 | 9.00 | 77.00 | 86.00 | OK |
Version: 0.1.3
Check: Rd cross-references
Result: NOTE
Undeclared package ‘gge’ in Rd xrefs
Flavor: r-devel-linux-x86_64-fedora-clang