Last updated on 2024-04-17 08:57:32 CEST.
Flavor | Version | Tinstall | Tcheck | Ttotal | Status | Flags |
---|---|---|---|---|---|---|
r-devel-linux-x86_64-debian-clang | 3.0-9 | 29.93 | 320.42 | 350.35 | OK | |
r-devel-linux-x86_64-debian-gcc | 3.0-9 | 28.99 | 223.40 | 252.39 | OK | |
r-devel-linux-x86_64-fedora-clang | 3.0-9 | 432.87 | NOTE | |||
r-devel-linux-x86_64-fedora-gcc | 3.0-9 | 432.41 | OK | |||
r-prerel-macos-arm64 | 3.0-9 | 128.00 | NOTE | |||
r-prerel-macos-x86_64 | 3.0-9 | 353.00 | NOTE | |||
r-prerel-windows-x86_64 | 3.0-9 | 25.00 | 284.00 | 309.00 | NOTE | |
r-patched-linux-x86_64 | 3.0-9 | 24.13 | 301.10 | 325.23 | OK | |
r-release-linux-x86_64 | 3.0-9 | 23.09 | 303.75 | 326.84 | OK | |
r-release-macos-arm64 | 3.0-9 | 132.00 | NOTE | |||
r-release-macos-x86_64 | 3.0-9 | 379.00 | NOTE | |||
r-release-windows-x86_64 | 3.0-9 | 40.00 | 348.00 | 388.00 | NOTE | |
r-oldrel-macos-arm64 | 3.0-9 | 124.00 | NOTE | |||
r-oldrel-windows-x86_64 | 3.0-9 | 39.00 | 323.00 | 362.00 | NOTE |
Version: 3.0-9
Check: installed package size
Result: NOTE
installed size is 9.6Mb
sub-directories of 1Mb or more:
R 1.0Mb
doc 7.0Mb
Flavors: r-devel-linux-x86_64-fedora-clang, r-prerel-macos-arm64, r-prerel-macos-x86_64, r-prerel-windows-x86_64, r-release-macos-arm64, r-release-macos-x86_64, r-release-windows-x86_64, r-oldrel-macos-arm64, r-oldrel-windows-x86_64