Last updated on 2023-03-31 08:54:01 CEST.
Flavor | Version | Tinstall | Tcheck | Ttotal | Status | Flags |
---|---|---|---|---|---|---|
r-devel-linux-x86_64-debian-clang | 3.0.0 | 23.07 | 168.17 | 191.24 | OK | |
r-devel-linux-x86_64-debian-gcc | 3.0.0 | 18.34 | 121.56 | 139.90 | OK | |
r-devel-linux-x86_64-fedora-clang | 3.0.0 | 236.88 | NOTE | |||
r-devel-linux-x86_64-fedora-gcc | 3.0.0 | 235.14 | NOTE | |||
r-devel-windows-x86_64 | 3.0.0 | 37.00 | 0.00 | 37.00 | OK | |
r-patched-linux-x86_64 | 3.0.0 | 32.02 | 157.92 | 189.94 | OK | |
r-release-linux-x86_64 | 3.0.0 | 19.65 | 146.32 | 165.97 | OK | |
r-release-macos-arm64 | 3.0.0 | 57.00 | NOTE | |||
r-release-macos-x86_64 | 3.0.0 | 76.00 | NOTE | |||
r-release-windows-x86_64 | 3.0.0 | 39.00 | 200.00 | 239.00 | OK | |
r-oldrel-macos-arm64 | 3.0.0 | 58.00 | NOTE | |||
r-oldrel-macos-x86_64 | 3.0.0 | 73.00 | NOTE | |||
r-oldrel-windows-ix86+x86_64 | 3.0.0 | 43.00 | 174.00 | 217.00 | OK |
Version: 3.0.0
Check: dependencies in R code
Result: NOTE
Namespace in Imports field not imported from: ‘class’
All declared Imports should be used.
Flavors: r-devel-linux-x86_64-fedora-clang, r-devel-linux-x86_64-fedora-gcc, r-release-macos-arm64, r-release-macos-x86_64, r-oldrel-macos-arm64, r-oldrel-macos-x86_64