Last updated on 2024-03-12 07:49:54 CET.
Flavor | Version | Tinstall | Tcheck | Ttotal | Status | Flags |
---|---|---|---|---|---|---|
r-devel-linux-x86_64-debian-clang | 1.1 | 4.38 | 53.62 | 58.00 | OK | |
r-devel-linux-x86_64-debian-gcc | 1.1 | 3.49 | 42.53 | 46.02 | OK | |
r-devel-linux-x86_64-fedora-clang | 1.1 | 74.88 | NOTE | |||
r-devel-linux-x86_64-fedora-gcc | 1.1 | 84.51 | NOTE | |||
r-devel-windows-x86_64 | 1.1 | 7.00 | 69.00 | 76.00 | OK | |
r-patched-linux-x86_64 | 1.1 | 3.03 | 52.84 | 55.87 | OK | |
r-release-linux-x86_64 | 1.1 | 3.53 | 52.46 | 55.99 | OK | |
r-release-macos-arm64 | 1.1 | 53.00 | OK | |||
r-release-macos-x86_64 | 1.1 | 79.00 | OK | |||
r-release-windows-x86_64 | 1.1 | 8.00 | 73.00 | 81.00 | OK | |
r-oldrel-macos-arm64 | 1.1 | 47.00 | OK | |||
r-oldrel-windows-x86_64 | 1.1 | 9.00 | 76.00 | 85.00 | OK |
Version: 1.1
Check: data for non-ASCII characters
Result: NOTE
Note: found 866 marked UTF-8 strings
Flavors: r-devel-linux-x86_64-fedora-clang, r-devel-linux-x86_64-fedora-gcc