CRAN Package Check Results for Package GMMAT

Last updated on 2024-06-14 08:56:39 CEST.

Flavor Version Tinstall Tcheck Ttotal Status Flags
r-devel-linux-x86_64-debian-clang 1.4.2 61.91 313.09 375.00 OK
r-devel-linux-x86_64-debian-gcc 1.4.2 49.48 260.80 310.28 OK
r-devel-linux-x86_64-fedora-clang 1.4.2 485.94 OK
r-devel-linux-x86_64-fedora-gcc 1.4.2 548.01 OK
r-devel-windows-x86_64 1.4.2 62.00 344.00 406.00 NOTE
r-patched-linux-x86_64 1.4.2 56.18 343.08 399.26 OK
r-release-linux-x86_64 1.4.2 51.60 339.50 391.10 OK
r-release-macos-arm64 1.4.2 175.00 NOTE
r-release-macos-x86_64 1.4.2 396.00 NOTE
r-release-windows-x86_64 1.4.2 61.00 348.00 409.00 NOTE
r-oldrel-macos-arm64 1.4.2 321.00 NOTE
r-oldrel-macos-x86_64 1.4.2 953.00 NOTE
r-oldrel-windows-x86_64 1.4.2 77.00 365.00 442.00 NOTE

Additional issues

noSuggests

Check Details

Version: 1.4.2
Check: package dependencies
Result: NOTE Package suggested but not available for checking: 'doMC' Flavors: r-devel-windows-x86_64, r-release-windows-x86_64, r-oldrel-windows-x86_64

Version: 1.4.2
Check: package dependencies
Result: NOTE Packages suggested but not available for checking: 'SeqArray', 'SeqVarTools' Flavor: r-release-macos-arm64

Version: 1.4.2
Check: installed package size
Result: NOTE installed size is 7.6Mb sub-directories of 1Mb or more: libs 5.7Mb Flavors: r-release-macos-arm64, r-release-macos-x86_64, r-oldrel-macos-arm64, r-oldrel-macos-x86_64

Version: 1.4.2
Check: package dependencies
Result: NOTE Package suggested but not available for checking: ‘SeqVarTools’ Flavor: r-oldrel-macos-x86_64