Last updated on 2024-04-23 08:58:00 CEST.
Flavor | Version | Tinstall | Tcheck | Ttotal | Status | Flags |
---|---|---|---|---|---|---|
r-devel-linux-x86_64-debian-clang | 1.4.2 | 60.71 | 260.87 | 321.58 | NOTE | |
r-devel-linux-x86_64-debian-gcc | 1.4.2 | 54.41 | 262.72 | 317.13 | OK | |
r-devel-linux-x86_64-fedora-clang | 1.4.2 | 402.98 | NOTE | |||
r-devel-linux-x86_64-fedora-gcc | 1.4.2 | 541.56 | OK | |||
r-prerel-macos-arm64 | 1.4.2 | 175.00 | NOTE | |||
r-prerel-windows-x86_64 | 1.4.2 | 61.00 | 353.00 | 414.00 | NOTE | |
r-patched-linux-x86_64 | 1.4.2 | 61.18 | 344.10 | 405.28 | OK | |
r-release-linux-x86_64 | 1.4.2 | 60.89 | 346.62 | 407.51 | OK | |
r-release-macos-arm64 | 1.4.2 | 321.00 | NOTE | |||
r-release-macos-x86_64 | 1.4.2 | 953.00 | NOTE | |||
r-release-windows-x86_64 | 1.4.2 | 78.00 | 374.00 | 452.00 | NOTE | |
r-oldrel-macos-arm64 | 1.4.2 | 278.00 | NOTE | |||
r-oldrel-windows-x86_64 | 1.4.2 | 60.00 | 345.00 | 405.00 | NOTE |
Version: 1.4.2
Check: package dependencies
Result: NOTE
Packages suggested but not available for checking:
'SeqArray', 'SeqVarTools'
Flavors: r-devel-linux-x86_64-debian-clang, r-devel-linux-x86_64-fedora-clang, r-prerel-macos-arm64
Version: 1.4.2
Check: installed package size
Result: NOTE
installed size is 7.6Mb
sub-directories of 1Mb or more:
libs 5.7Mb
Flavors: r-prerel-macos-arm64, r-release-macos-arm64, r-release-macos-x86_64, r-oldrel-macos-arm64
Version: 1.4.2
Check: package dependencies
Result: NOTE
Package suggested but not available for checking: 'doMC'
Flavors: r-prerel-windows-x86_64, r-release-windows-x86_64, r-oldrel-windows-x86_64
Version: 1.4.2
Check: package dependencies
Result: NOTE
Package suggested but not available for checking: ‘SeqVarTools’
Flavor: r-release-macos-x86_64
Version: 1.4.2
Check: package dependencies
Result: NOTE
Package suggested but not available for checking: ‘SeqArray’
Flavor: r-oldrel-macos-arm64