Last updated on 2024-03-12 07:49:55 CET.
Flavor | Version | Tinstall | Tcheck | Ttotal | Status | Flags |
---|---|---|---|---|---|---|
r-devel-linux-x86_64-debian-clang | 1.1.5 | 17.50 | 81.74 | 99.24 | OK | |
r-devel-linux-x86_64-debian-gcc | 1.1.5 | 12.87 | 62.26 | 75.13 | OK | |
r-devel-linux-x86_64-fedora-clang | 1.1.5 | 119.95 | NOTE | |||
r-devel-linux-x86_64-fedora-gcc | 1.1.5 | 126.08 | OK | |||
r-devel-windows-x86_64 | 1.1.5 | 13.00 | 73.00 | 86.00 | OK | |
r-patched-linux-x86_64 | 1.1.5 | 14.41 | 82.52 | 96.93 | OK | |
r-release-linux-x86_64 | 1.1.5 | 14.86 | 84.11 | 98.97 | OK | |
r-release-macos-arm64 | 1.1.5 | 38.00 | OK | |||
r-release-macos-x86_64 | 1.1.5 | 95.00 | OK | |||
r-release-windows-x86_64 | 1.1.5 | 18.00 | 74.00 | 92.00 | OK | |
r-oldrel-macos-arm64 | 1.1.5 | 40.00 | OK | |||
r-oldrel-windows-x86_64 | 1.1.5 | 18.00 | 90.00 | 108.00 | OK |
Version: 1.1.5
Check: Rd cross-references
Result: NOTE
Undeclared package ‘glmmLasso’ in Rd xrefs
Flavor: r-devel-linux-x86_64-fedora-clang