Last updated on 2024-03-12 07:49:55 CET.
Flavor | Version | Tinstall | Tcheck | Ttotal | Status | Flags |
---|---|---|---|---|---|---|
r-devel-linux-x86_64-debian-clang | 0.99-5 | 9.74 | 97.60 | 107.34 | NOTE | |
r-devel-linux-x86_64-debian-gcc | 0.99-5 | 7.87 | 74.18 | 82.05 | NOTE | |
r-devel-linux-x86_64-fedora-clang | 0.99-5 | 136.16 | NOTE | |||
r-devel-linux-x86_64-fedora-gcc | 0.99-5 | 153.09 | NOTE | |||
r-devel-windows-x86_64 | 0.99-5 | 14.00 | 105.00 | 119.00 | NOTE | |
r-patched-linux-x86_64 | 0.99-5 | 13.20 | 96.65 | 109.85 | OK | |
r-release-linux-x86_64 | 0.99-5 | 11.81 | 94.91 | 106.72 | OK | |
r-release-macos-arm64 | 0.99-5 | 48.00 | OK | |||
r-release-macos-x86_64 | 0.99-5 | 76.00 | OK | |||
r-release-windows-x86_64 | 0.99-5 | 11.00 | 117.00 | 128.00 | OK | |
r-oldrel-macos-arm64 | 0.99-5 | 41.00 | OK | |||
r-oldrel-windows-x86_64 | 0.99-5 | 14.00 | 117.00 | 131.00 | OK |
Version: 0.99-5
Check: Rd files
Result: NOTE
checkRd: (-1) GNE.ceq.Rd:50: Lost braces
50 | (KKT) system denoted by \eqn{H(z)=0}, for \eqn{z \in \Omega} where eqn{z} is formed by the players strategy
| ^
checkRd: (-1) GNE.nseq.Rd:76: Lost braces
76 | (KKT) system denoted by \eqn{\Phi(z)=0}{Phi(z)=0}, where eqn{z} is formed by the players strategy
| ^
Flavors: r-devel-linux-x86_64-debian-clang, r-devel-linux-x86_64-debian-gcc, r-devel-linux-x86_64-fedora-clang, r-devel-linux-x86_64-fedora-gcc, r-devel-windows-x86_64