Last updated on 2024-05-02 08:57:43 CEST.
Flavor | Version | Tinstall | Tcheck | Ttotal | Status | Flags |
---|---|---|---|---|---|---|
r-devel-linux-x86_64-debian-clang | 0.3.4 | 4.89 | 56.41 | 61.30 | OK | |
r-devel-linux-x86_64-debian-gcc | 0.3.4 | 4.41 | 42.57 | 46.98 | OK | |
r-devel-linux-x86_64-fedora-clang | 0.3.4 | 74.90 | NOTE | |||
r-devel-linux-x86_64-fedora-gcc | 0.3.4 | 82.81 | NOTE | |||
r-devel-windows-x86_64 | 0.3.4 | 4.00 | 78.00 | 82.00 | OK | |
r-patched-linux-x86_64 | 0.3.4 | 5.25 | 53.57 | 58.82 | OK | |
r-release-linux-x86_64 | 0.3.4 | 5.82 | 53.95 | 59.77 | OK | |
r-release-macos-arm64 | 0.3.4 | 60.00 | OK | |||
r-release-windows-x86_64 | 0.3.4 | 5.00 | 80.00 | 85.00 | OK | |
r-oldrel-macos-arm64 | 0.3.4 | 62.00 | OK | |||
r-oldrel-macos-x86_64 | 0.3.4 | 73.00 | OK | |||
r-oldrel-windows-x86_64 | 0.3.4 | 5.00 | 85.00 | 90.00 | OK |
Version: 0.3.4
Check: data for non-ASCII characters
Result: NOTE
Note: found 3 marked UTF-8 strings
Flavors: r-devel-linux-x86_64-fedora-clang, r-devel-linux-x86_64-fedora-gcc