Last updated on 2024-05-02 08:57:43 CEST.
Flavor | Version | Tinstall | Tcheck | Ttotal | Status | Flags |
---|---|---|---|---|---|---|
r-devel-linux-x86_64-debian-clang | 0.1.0-6 | 241.03 | 50.55 | 291.58 | OK | |
r-devel-linux-x86_64-debian-gcc | 0.1.0-6 | 191.72 | 44.97 | 236.69 | OK | |
r-devel-linux-x86_64-fedora-clang | 0.1.0-6 | 342.09 | OK | |||
r-devel-linux-x86_64-fedora-gcc | 0.1.0-6 | 442.96 | OK | |||
r-devel-windows-x86_64 | 0.1.0-6 | 136.00 | 112.00 | 248.00 | OK | |
r-patched-linux-x86_64 | 0.1.0-6 | 239.69 | 57.84 | 297.53 | OK | |
r-release-linux-x86_64 | 0.1.0-6 | 233.69 | 58.07 | 291.76 | OK | |
r-release-macos-arm64 | 0.1.0-6 | 92.00 | NOTE | |||
r-release-macos-x86_64 | 0.1.0-6 | 157.00 | NOTE | |||
r-release-windows-x86_64 | 0.1.0-6 | 150.00 | 110.00 | 260.00 | OK | |
r-oldrel-macos-arm64 | 0.1.0-6 | 98.00 | NOTE | |||
r-oldrel-macos-x86_64 | 0.1.0-6 | 152.00 | NOTE | |||
r-oldrel-windows-x86_64 | 0.1.0-6 | 187.00 | 106.00 | 293.00 | OK |
Version: 0.1.0-6
Check: installed package size
Result: NOTE
installed size is 35.8Mb
sub-directories of 1Mb or more:
libs 35.4Mb
Flavors: r-release-macos-arm64, r-release-macos-x86_64, r-oldrel-macos-arm64, r-oldrel-macos-x86_64