Last updated on 2024-04-20 08:50:56 CEST.
Flavor | Version | Tinstall | Tcheck | Ttotal | Status | Flags |
---|---|---|---|---|---|---|
r-devel-linux-x86_64-debian-clang | 2.3-2 | 72.95 | 194.90 | 267.85 | OK | |
r-devel-linux-x86_64-debian-gcc | 2.3-2 | 61.53 | 138.37 | 199.90 | OK | |
r-devel-linux-x86_64-fedora-clang | 2.3-2 | 334.55 | OK | |||
r-devel-linux-x86_64-fedora-gcc | 2.3-2 | 340.81 | OK | |||
r-prerel-macos-arm64 | 2.3-2 | 80.00 | NOTE | |||
r-prerel-macos-x86_64 | 2.3-2 | 190.00 | NOTE | |||
r-prerel-windows-x86_64 | 2.3-2 | 58.00 | 167.00 | 225.00 | OK | |
r-patched-linux-x86_64 | 2.3-2 | 72.62 | 180.27 | 252.89 | OK | |
r-release-linux-x86_64 | 2.3-2 | 78.37 | 183.99 | 262.36 | OK | |
r-release-macos-arm64 | 2.3-2 | 103.00 | NOTE | |||
r-release-macos-x86_64 | 2.3-2 | 189.00 | NOTE | |||
r-release-windows-x86_64 | 2.3-2 | 76.00 | 215.00 | 291.00 | OK | |
r-oldrel-macos-arm64 | 2.3-2 | 90.00 | NOTE | |||
r-oldrel-windows-x86_64 | 2.3-2 | 74.00 | 204.00 | 278.00 | OK |
Version: 2.3-2
Check: installed package size
Result: NOTE
installed size is 6.9Mb
sub-directories of 1Mb or more:
data 1.5Mb
libs 4.5Mb
Flavors: r-prerel-macos-arm64, r-prerel-macos-x86_64, r-release-macos-arm64, r-release-macos-x86_64, r-oldrel-macos-arm64