Last updated on 2024-03-12 07:49:55 CET.
Flavor | Version | Tinstall | Tcheck | Ttotal | Status | Flags |
---|---|---|---|---|---|---|
r-devel-linux-x86_64-debian-clang | 0.0.4 | 3.41 | 39.08 | 42.49 | NOTE | |
r-devel-linux-x86_64-debian-gcc | 0.0.4 | 2.59 | 31.07 | 33.66 | NOTE | |
r-devel-linux-x86_64-fedora-clang | 0.0.4 | 53.15 | NOTE | |||
r-devel-linux-x86_64-fedora-gcc | 0.0.4 | 54.06 | NOTE | |||
r-devel-windows-x86_64 | 0.0.4 | 4.00 | 57.00 | 61.00 | NOTE | |
r-patched-linux-x86_64 | 0.0.4 | 3.32 | 39.14 | 42.46 | NOTE | |
r-release-linux-x86_64 | 0.0.4 | 2.95 | 39.70 | 42.65 | NOTE | |
r-release-macos-arm64 | 0.0.4 | 22.00 | NOTE | |||
r-release-macos-x86_64 | 0.0.4 | 30.00 | NOTE | |||
r-release-windows-x86_64 | 0.0.4 | 5.00 | 55.00 | 60.00 | NOTE | |
r-oldrel-macos-arm64 | 0.0.4 | 61.00 | NOTE | |||
r-oldrel-windows-x86_64 | 0.0.4 | 5.00 | 65.00 | 70.00 | NOTE |
Version: 0.0.4
Check: LazyData
Result: NOTE
'LazyData' is specified without a 'data' directory
Flavors: r-devel-linux-x86_64-debian-clang, r-devel-linux-x86_64-debian-gcc, r-devel-linux-x86_64-fedora-clang, r-devel-linux-x86_64-fedora-gcc, r-devel-windows-x86_64, r-patched-linux-x86_64, r-release-linux-x86_64, r-release-macos-arm64, r-release-macos-x86_64, r-release-windows-x86_64, r-oldrel-macos-arm64, r-oldrel-windows-x86_64
Version: 0.0.4
Check: dependencies in R code
Result: NOTE
Namespace in Imports field not imported from: ‘sf’
All declared Imports should be used.
Flavors: r-devel-linux-x86_64-fedora-clang, r-devel-linux-x86_64-fedora-gcc, r-oldrel-macos-arm64