CRAN Package Check Results for Package GenAlgo

Last updated on 2021-09-26 08:50:12 CEST.

Flavor Version Tinstall Tcheck Ttotal Status Flags
r-devel-linux-x86_64-debian-clang 2.2.0 2.97 44.10 47.07 OK
r-devel-linux-x86_64-debian-gcc 2.2.0 2.23 33.82 36.05 OK
r-devel-linux-x86_64-fedora-clang 2.2.0 64.60 NOTE
r-devel-linux-x86_64-fedora-gcc 2.2.0 55.48 NOTE
r-devel-windows-x86_64 2.2.0 5.00 54.00 59.00 OK
r-devel-windows-x86_64-gcc10-UCRT 2.2.0 NOTE
r-patched-linux-x86_64 2.2.0 3.15 41.78 44.93 OK
r-patched-solaris-x86 2.2.0 82.90 NOTE
r-release-linux-x86_64 2.2.0 2.47 42.48 44.95 OK
r-release-macos-arm64 2.2.0 NOTE
r-release-macos-x86_64 2.2.0 NOTE
r-release-windows-ix86+x86_64 2.2.0 7.00 69.00 76.00 OK
r-oldrel-macos-x86_64 2.2.0 NOTE
r-oldrel-windows-ix86+x86_64 2.2.0 6.00 55.00 61.00 OK

Check Details

Version: 2.2.0
Check: data for non-ASCII characters
Result: NOTE
     Note: found 17 marked UTF-8 strings
Flavors: r-devel-linux-x86_64-fedora-clang, r-devel-linux-x86_64-fedora-gcc, r-devel-windows-x86_64-gcc10-UCRT, r-patched-solaris-x86, r-release-macos-arm64, r-release-macos-x86_64, r-oldrel-macos-x86_64