Last updated on 2024-04-19 08:54:40 CEST.
Flavor | Version | Tinstall | Tcheck | Ttotal | Status | Flags |
---|---|---|---|---|---|---|
r-devel-linux-x86_64-debian-clang | 2.2.0 | 2.01 | 44.77 | 46.78 | OK | |
r-devel-linux-x86_64-debian-gcc | 2.2.0 | OK | ||||
r-devel-linux-x86_64-fedora-clang | 2.2.0 | 61.21 | NOTE | |||
r-devel-linux-x86_64-fedora-gcc | 2.2.0 | 70.18 | NOTE | |||
r-prerel-macos-arm64 | 2.2.0 | 28.00 | OK | |||
r-prerel-macos-x86_64 | 2.2.0 | 51.00 | OK | |||
r-prerel-windows-x86_64 | 2.2.0 | 4.00 | 68.00 | 72.00 | OK | |
r-patched-linux-x86_64 | 2.2.0 | 3.41 | 43.15 | 46.56 | OK | |
r-release-linux-x86_64 | 2.2.0 | 3.52 | 43.03 | 46.55 | OK | |
r-release-macos-arm64 | 2.2.0 | 31.00 | OK | |||
r-release-macos-x86_64 | 2.2.0 | 38.00 | OK | |||
r-release-windows-x86_64 | 2.2.0 | 4.00 | 67.00 | 71.00 | OK | |
r-oldrel-macos-arm64 | 2.2.0 | 28.00 | OK | |||
r-oldrel-windows-x86_64 | 2.2.0 | 5.00 | 73.00 | 78.00 | OK |
Version: 2.2.0
Check: data for non-ASCII characters
Result: NOTE
Note: found 17 marked UTF-8 strings
Flavors: r-devel-linux-x86_64-fedora-clang, r-devel-linux-x86_64-fedora-gcc