Last updated on 2024-03-12 07:49:54 CET.
Flavor | Version | Tinstall | Tcheck | Ttotal | Status | Flags |
---|---|---|---|---|---|---|
r-devel-linux-x86_64-debian-clang | 1.2.6 | 73.34 | 149.58 | 222.92 | NOTE | |
r-devel-linux-x86_64-debian-gcc | 1.2.6 | 54.52 | 114.90 | 169.42 | NOTE | |
r-devel-linux-x86_64-fedora-clang | 1.2.6 | 470.65 | NOTE | |||
r-devel-linux-x86_64-fedora-gcc | 1.2.6 | 485.29 | NOTE | |||
r-devel-windows-x86_64 | 1.2.6 | 60.00 | 149.00 | 209.00 | NOTE | |
r-patched-linux-x86_64 | 1.2.6 | 66.73 | 146.12 | 212.85 | NOTE | |
r-release-linux-x86_64 | 1.2.6 | 67.29 | 144.79 | 212.08 | NOTE | |
r-release-macos-arm64 | 1.2.6 | 254.00 | NOTE | |||
r-release-macos-x86_64 | 1.2.6 | 89.00 | NOTE | |||
r-release-windows-x86_64 | 1.2.6 | 76.00 | 157.00 | 233.00 | NOTE | |
r-oldrel-macos-arm64 | 1.2.6 | 238.00 | NOTE | |||
r-oldrel-windows-x86_64 | 1.2.6 | 70.00 | 149.00 | 219.00 | NOTE |
Version: 1.2.6
Check: for GNU extensions in Makefiles
Result: NOTE
GNU make is a SystemRequirements.
Flavors: r-devel-linux-x86_64-debian-clang, r-devel-linux-x86_64-debian-gcc, r-devel-linux-x86_64-fedora-clang, r-devel-linux-x86_64-fedora-gcc, r-devel-windows-x86_64, r-patched-linux-x86_64, r-release-linux-x86_64, r-release-macos-arm64, r-release-macos-x86_64, r-release-windows-x86_64, r-oldrel-macos-arm64, r-oldrel-windows-x86_64