Last updated on 2024-04-23 08:57:58 CEST.
Flavor | Version | Tinstall | Tcheck | Ttotal | Status | Flags |
---|---|---|---|---|---|---|
r-devel-linux-x86_64-debian-clang | 0.1.5.9 | 9.06 | 106.85 | 115.91 | OK | |
r-devel-linux-x86_64-debian-gcc | 0.1.5.9 | 8.49 | 77.64 | 86.13 | OK | |
r-devel-linux-x86_64-fedora-clang | 0.1.5.9 | 148.97 | OK | |||
r-devel-linux-x86_64-fedora-gcc | 0.1.5.9 | 150.24 | OK | |||
r-prerel-macos-arm64 | 0.1.5.9 | 45.00 | OK | |||
r-prerel-macos-x86_64 | 0.1.5.9 | 98.00 | OK | |||
r-prerel-windows-x86_64 | 0.1.5.9 | 12.00 | 98.00 | 110.00 | OK | |
r-patched-linux-x86_64 | 0.1.5.9 | 13.78 | 102.30 | 116.08 | OK | |
r-release-linux-x86_64 | 0.1.5.9 | 12.91 | 102.89 | 115.80 | OK | |
r-release-macos-arm64 | 0.1.5.9 | 6.00 | ERROR | |||
r-release-macos-x86_64 | 0.1.5.9 | 48.00 | OK | |||
r-release-windows-x86_64 | 0.1.5.9 | 14.00 | 117.00 | 131.00 | OK | |
r-oldrel-windows-x86_64 | 0.1.5.9 | 15.00 | 119.00 | 134.00 | OK |
Version: 0.1.5.9
Check: package dependencies
Result: ERROR
Package required but not available: ‘snpStats’
See section ‘The DESCRIPTION file’ in the ‘Writing R Extensions’
manual.
Flavor: r-release-macos-arm64