CRAN Package Check Results for Package GmAMisc

Last updated on 2021-04-22 08:48:19 CEST.

Flavor Version Tinstall Tcheck Ttotal Status Flags
r-devel-linux-x86_64-debian-clang 1.2.0 24.17 268.89 293.06 OK
r-devel-linux-x86_64-debian-gcc 1.2.0 19.91 201.38 221.29 OK
r-devel-linux-x86_64-fedora-clang 1.2.0 355.70 NOTE
r-devel-linux-x86_64-fedora-gcc 1.2.0 333.75 OK
r-devel-windows-ix86+x86_64 1.2.0 69.00 349.00 418.00 OK
r-devel-windows-x86_64-gcc10-UCRT 1.2.0 OK
r-patched-linux-x86_64 1.2.0 23.29 252.23 275.52 WARN
r-patched-solaris-x86 1.2.0 517.20 OK
r-release-linux-x86_64 1.2.0 24.28 248.50 272.78 OK
r-release-macos-x86_64 1.2.0 OK
r-release-windows-ix86+x86_64 1.2.0 69.00 352.00 421.00 OK
r-oldrel-macos-x86_64 1.2.0 OK
r-oldrel-windows-ix86+x86_64 1.2.0 59.00 336.00 395.00 OK

Check Details

Version: 1.2.0
Check: package dependencies
Result: NOTE
    Imports includes 25 non-default packages.
    Importing from so many packages makes the package vulnerable to any of
    them becoming unavailable. Move as many as possible to Suggests and
    use conditionally.
Flavor: r-devel-linux-x86_64-fedora-clang

Version: 1.2.0
Check: whether package can be installed
Result: WARN
    Found the following significant warnings:
     Rd warning: /tmp/RtmplTPZ7G/R.INSTALL6a9960e9fc11/GmAMisc/man/pointsInPolygons.Rd:96: file link ‘dbinom’ in package ‘stats’ does not exist and so has been treated as a topic
     Rd warning: /tmp/RtmplTPZ7G/R.INSTALL6a9960e9fc11/GmAMisc/man/pointsInPolygons.Rd:96: file link ‘pbinom’ in package ‘stats’ does not exist and so has been treated as a topic
Flavor: r-patched-linux-x86_64