CRAN Package Check Results for Package Greg

Last updated on 2021-08-01 08:52:34 CEST.

Flavor Version Tinstall Tcheck Ttotal Status Flags
r-devel-linux-x86_64-debian-clang 1.3.4 21.45 219.58 241.03 OK
r-devel-linux-x86_64-debian-gcc 1.3.4 17.32 161.95 179.27 OK
r-devel-linux-x86_64-fedora-clang 1.3.4 283.46 OK
r-devel-linux-x86_64-fedora-gcc 1.3.4 272.30 OK
r-devel-windows-x86_64 1.3.4 33.00 261.00 294.00 OK
r-devel-windows-x86_64-gcc10-UCRT 1.3.4 OK
r-patched-linux-x86_64 1.3.4 OK
r-patched-solaris-x86 1.3.4 346.40 OK
r-release-linux-x86_64 1.3.4 18.32 202.56 220.88 OK
r-release-macos-arm64 1.3.4 WARN
r-release-macos-x86_64 1.3.4 OK
r-release-windows-ix86+x86_64 1.3.4 45.00 248.00 293.00 OK
r-oldrel-macos-x86_64 1.3.4 OK
r-oldrel-windows-ix86+x86_64 1.3.4 32.00 250.00 282.00 OK

Check Details

Version: 1.3.4
Check: re-building of vignette outputs
Result: WARN
    Error(s) in re-building vignettes:
    --- re-building ‘printCrudeAndAdjustedModel.Rmd’ using rmarkdown
    Warning in engine$weave(file, quiet = quiet, encoding = enc) :
     Pandoc (>= 1.12.3) not available. Falling back to R Markdown v1.
    Loading required package: forestplot
    Loading required package: grid
    Loading required package: magrittr
    Loading required package: checkmate
    Loading required package: Gmisc
    Loading required package: Rcpp
    Loading required package: htmlTable
    Loading required package: lattice
    Loading required package: survival
    Loading required package: Formula
    Loading required package: ggplot2
    
    Attaching package: 'Hmisc'
    
    The following objects are masked from 'package:base':
    
     format.pval, units
    
    --- finished re-building ‘printCrudeAndAdjustedModel.Rmd’
    
    --- re-building ‘timeSplitter.Rmd’ using rmarkdown
    Warning in engine$weave(file, quiet = quiet, encoding = enc) :
     Pandoc (>= 1.12.3) not available. Falling back to R Markdown v1.
    Loading required package: forestplot
    Loading required package: grid
    Loading required package: checkmate
    Loading required package: Gmisc
    Loading required package: Rcpp
    Loading required package: htmlTable
    Warning in grid.Call(C_textBounds, as.graphicsAnnot(x$label), x$x, x$y, :
     no font could be found for family "Arial"
    Warning in grid.Call(C_textBounds, as.graphicsAnnot(x$label), x$x, x$y, :
     no font could be found for family "Arial"
    Quitting from lines 145-272 (timeSplitter.Rmd)
    Error: processing vignette 'timeSplitter.Rmd' failed with diagnostics:
    polygon edge not found
    --- failed re-building ‘timeSplitter.Rmd’
    
    SUMMARY: processing the following file failed:
     ‘timeSplitter.Rmd’
    
    Error: Vignette re-building failed.
    Execution halted
Flavor: r-release-macos-arm64