Last updated on 2024-04-18 08:54:33 CEST.
Flavor | Version | Tinstall | Tcheck | Ttotal | Status | Flags |
---|---|---|---|---|---|---|
r-devel-linux-x86_64-debian-clang | 2.0.2 | 75.00 | 96.32 | 171.32 | NOTE | |
r-devel-linux-x86_64-debian-gcc | 2.0.2 | 62.29 | 72.01 | 134.30 | NOTE | |
r-devel-linux-x86_64-fedora-clang | 2.0.2 | 233.06 | NOTE | |||
r-devel-linux-x86_64-fedora-gcc | 2.0.2 | 243.47 | NOTE | |||
r-prerel-macos-arm64 | 2.0.2 | 67.00 | NOTE | |||
r-prerel-windows-x86_64 | 2.0.2 | 57.00 | 103.00 | 160.00 | NOTE | |
r-patched-linux-x86_64 | 2.0.2 | 72.72 | 92.17 | 164.89 | NOTE | |
r-release-linux-x86_64 | 2.0.2 | 75.63 | 93.37 | 169.00 | NOTE | |
r-release-macos-arm64 | 2.0.2 | 70.00 | NOTE | |||
r-release-macos-x86_64 | 2.0.2 | 115.00 | NOTE | |||
r-release-windows-x86_64 | 2.0.2 | 76.00 | 127.00 | 203.00 | NOTE | |
r-oldrel-macos-arm64 | 2.0.2 | 61.00 | OK | |||
r-oldrel-windows-x86_64 | 2.0.2 | 76.00 | 125.00 | 201.00 | OK |
Version: 2.0.2
Check: C++ specification
Result: NOTE
Specified C++11: please drop specification unless essential
Flavors: r-devel-linux-x86_64-debian-clang, r-devel-linux-x86_64-debian-gcc, r-devel-linux-x86_64-fedora-clang, r-devel-linux-x86_64-fedora-gcc, r-prerel-macos-arm64, r-prerel-windows-x86_64, r-patched-linux-x86_64, r-release-linux-x86_64, r-release-macos-arm64, r-release-macos-x86_64, r-release-windows-x86_64