Last updated on 2023-02-09 07:56:51 CET.
Flavor | Version | Tinstall | Tcheck | Ttotal | Status | Flags |
---|---|---|---|---|---|---|
r-devel-linux-x86_64-debian-clang | 0.1.1 | 10.85 | 87.21 | 98.06 | NOTE | |
r-devel-linux-x86_64-debian-gcc | 0.1.1 | 6.75 | 65.91 | 72.66 | NOTE | |
r-devel-linux-x86_64-fedora-clang | 0.1.1 | 117.48 | NOTE | |||
r-devel-linux-x86_64-fedora-gcc | 0.1.1 | 113.71 | NOTE | |||
r-devel-windows-x86_64 | 0.1.1 | 14.00 | 121.00 | 135.00 | NOTE | |
r-patched-linux-x86_64 | 0.1.1 | 8.69 | 84.33 | 93.02 | NOTE | |
r-release-linux-x86_64 | 0.1.1 | 7.63 | 80.94 | 88.57 | NOTE | |
r-release-macos-arm64 | 0.1.1 | 34.00 | NOTE | |||
r-release-macos-x86_64 | 0.1.1 | 50.00 | NOTE | |||
r-release-windows-x86_64 | 0.1.1 | 14.00 | 126.00 | 140.00 | NOTE | |
r-oldrel-macos-arm64 | 0.1.1 | 40.00 | NOTE | |||
r-oldrel-macos-x86_64 | 0.1.1 | 53.00 | NOTE | |||
r-oldrel-windows-ix86+x86_64 | 0.1.1 | 19.00 | 105.00 | 124.00 | NOTE |
Version: 0.1.1
Check: LazyData
Result: NOTE
'LazyData' is specified without a 'data' directory
Flavors: r-devel-linux-x86_64-debian-clang, r-devel-linux-x86_64-debian-gcc, r-devel-linux-x86_64-fedora-clang, r-devel-linux-x86_64-fedora-gcc, r-devel-windows-x86_64, r-patched-linux-x86_64, r-release-linux-x86_64, r-release-macos-arm64, r-release-macos-x86_64, r-release-windows-x86_64, r-oldrel-macos-arm64, r-oldrel-macos-x86_64, r-oldrel-windows-ix86+x86_64