Last updated on 2023-02-09 07:56:51 CET.
Flavor | Version | Tinstall | Tcheck | Ttotal | Status | Flags |
---|---|---|---|---|---|---|
r-devel-linux-x86_64-debian-clang | 0.1.2 | 51.61 | 28.74 | 80.35 | NOTE | |
r-devel-linux-x86_64-debian-gcc | 0.1.2 | 39.27 | 22.74 | 62.01 | NOTE | |
r-devel-linux-x86_64-fedora-clang | 0.1.2 | 125.46 | NOTE | |||
r-devel-linux-x86_64-fedora-gcc | 0.1.2 | 116.42 | NOTE | |||
r-devel-windows-x86_64 | 0.1.2 | 50.00 | 75.00 | 125.00 | NOTE | |
r-patched-linux-x86_64 | 0.1.2 | 42.37 | 29.03 | 71.40 | NOTE | |
r-release-linux-x86_64 | 0.1.2 | 42.36 | 27.38 | 69.74 | NOTE | |
r-release-macos-arm64 | 0.1.2 | 34.00 | NOTE | |||
r-release-macos-x86_64 | 0.1.2 | 41.00 | NOTE | |||
r-release-windows-x86_64 | 0.1.2 | 54.00 | 79.00 | 133.00 | NOTE | |
r-oldrel-macos-arm64 | 0.1.2 | 36.00 | NOTE | |||
r-oldrel-macos-x86_64 | 0.1.2 | 55.00 | NOTE | |||
r-oldrel-windows-ix86+x86_64 | 0.1.2 | 139.00 | 74.00 | 213.00 | NOTE |
Version: 0.1.2
Check: C++ specification
Result: NOTE
Specified C++11: please update to current default of C++17
Flavor: r-devel-linux-x86_64-debian-clang
Version: 0.1.2
Check: LazyData
Result: NOTE
'LazyData' is specified without a 'data' directory
Flavors: r-devel-linux-x86_64-debian-clang, r-devel-linux-x86_64-debian-gcc, r-devel-linux-x86_64-fedora-clang, r-devel-linux-x86_64-fedora-gcc, r-devel-windows-x86_64, r-patched-linux-x86_64, r-release-linux-x86_64, r-release-macos-arm64, r-release-macos-x86_64, r-release-windows-x86_64, r-oldrel-macos-arm64, r-oldrel-macos-x86_64, r-oldrel-windows-ix86+x86_64
Version: 0.1.2
Check: C++ specification
Result: NOTE
Specified C++11: please drop specification unless essential
Flavors: r-devel-linux-x86_64-debian-gcc, r-devel-linux-x86_64-fedora-clang, r-devel-linux-x86_64-fedora-gcc, r-devel-windows-x86_64