Last updated on 2024-03-12 07:49:55 CET.
Flavor | Version | Tinstall | Tcheck | Ttotal | Status | Flags |
---|---|---|---|---|---|---|
r-devel-linux-x86_64-debian-clang | 2.0.1 | 12.82 | 116.01 | 128.83 | OK | |
r-devel-linux-x86_64-debian-gcc | 2.0.1 | 10.16 | 88.49 | 98.65 | OK | |
r-devel-linux-x86_64-fedora-clang | 2.0.1 | 166.38 | NOTE | |||
r-devel-linux-x86_64-fedora-gcc | 2.0.1 | 167.66 | OK | |||
r-devel-windows-x86_64 | 2.0.1 | 13.00 | 122.00 | 135.00 | OK | |
r-patched-linux-x86_64 | 2.0.1 | 10.85 | 115.22 | 126.07 | OK | |
r-release-linux-x86_64 | 2.0.1 | 12.63 | 113.89 | 126.52 | OK | |
r-release-macos-arm64 | 2.0.1 | 64.00 | OK | |||
r-release-macos-x86_64 | 2.0.1 | 91.00 | OK | |||
r-release-windows-x86_64 | 2.0.1 | 17.00 | 135.00 | 152.00 | OK | |
r-oldrel-macos-arm64 | 2.0.1 | 51.00 | OK | |||
r-oldrel-windows-x86_64 | 2.0.1 | 16.00 | 139.00 | 155.00 | OK |
Version: 2.0.1
Check: Rd cross-references
Result: NOTE
Undeclared package ‘genalg’ in Rd xrefs
Flavor: r-devel-linux-x86_64-fedora-clang