CRAN Package Check Results for Package HTSCluster

Last updated on 2021-07-25 08:50:58 CEST.

Flavor Version Tinstall Tcheck Ttotal Status Flags
r-devel-linux-x86_64-debian-clang 2.0.8 5.74 55.43 61.17 OK
r-devel-linux-x86_64-debian-gcc 2.0.8 5.19 42.99 48.18 OK
r-devel-linux-x86_64-fedora-clang 2.0.8 82.36 OK
r-devel-linux-x86_64-fedora-gcc 2.0.8 72.27 OK
r-devel-windows-x86_64 2.0.8 10.00 62.00 72.00 OK
r-devel-windows-x86_64-gcc10-UCRT 2.0.8 OK
r-patched-linux-x86_64 2.0.8 7.29 52.93 60.22 OK
r-patched-solaris-x86 2.0.8 102.50 OK
r-release-linux-x86_64 2.0.8 5.93 53.77 59.70 OK
r-release-macos-arm64 2.0.8 ERROR
r-release-macos-x86_64 2.0.8 NOTE
r-release-windows-ix86+x86_64 2.0.8 14.00 57.00 71.00 OK
r-oldrel-macos-x86_64 2.0.8 NOTE
r-oldrel-windows-ix86+x86_64 2.0.8 12.00 58.00 70.00 OK

Check Details

Version: 2.0.8
Check: package dependencies
Result: ERROR
    Package required but not available: ‘edgeR’
    
    Package suggested but not available for checking: ‘HTSFilter’
    
    See section ‘The DESCRIPTION file’ in the ‘Writing R Extensions’
    manual.
Flavor: r-release-macos-arm64

Version: 2.0.8
Check: package dependencies
Result: NOTE
    Package suggested but not available for checking: ‘HTSFilter’
Flavors: r-release-macos-x86_64, r-oldrel-macos-x86_64