Last updated on 2024-03-12 07:49:56 CET.
Flavor | Version | Tinstall | Tcheck | Ttotal | Status | Flags |
---|---|---|---|---|---|---|
r-devel-linux-x86_64-debian-clang | 1.6.1 | 22.57 | 223.30 | 245.87 | OK | |
r-devel-linux-x86_64-debian-gcc | 1.6.1 | 18.98 | 165.98 | 184.96 | OK | |
r-devel-linux-x86_64-fedora-clang | 1.6.1 | 308.06 | NOTE | |||
r-devel-linux-x86_64-fedora-gcc | 1.6.1 | 303.83 | NOTE | |||
r-devel-windows-x86_64 | 1.6.1 | 24.00 | 186.00 | 210.00 | OK | |
r-patched-linux-x86_64 | 1.6.1 | 37.17 | 216.08 | 253.25 | OK | |
r-release-linux-x86_64 | 1.6.1 | 22.41 | 217.69 | 240.10 | OK | |
r-release-macos-arm64 | 1.6.1 | 71.00 | OK | |||
r-release-macos-x86_64 | 1.6.1 | 125.00 | OK | |||
r-release-windows-x86_64 | 1.6.1 | 32.00 | 228.00 | 260.00 | OK | |
r-oldrel-macos-arm64 | 1.6.1 | 72.00 | OK | |||
r-oldrel-windows-x86_64 | 1.6.1 | 34.00 | 225.00 | 259.00 | OK |
Version: 1.6.1
Check: for detritus in the temp directory
Result: NOTE
Found the following files/directories:
‘pulse-PKdhtXMmr18n’
Flavors: r-devel-linux-x86_64-fedora-clang, r-devel-linux-x86_64-fedora-gcc