CRAN Package Check Results for Package HYRISK

Last updated on 2021-05-09 08:50:20 CEST.

Flavor Version Tinstall Tcheck Ttotal Status Flags
r-devel-linux-x86_64-debian-clang 1.2 3.09 31.37 34.46 OK
r-devel-linux-x86_64-debian-gcc 1.2 2.36 25.07 27.43 OK
r-devel-linux-x86_64-fedora-clang 1.2 51.46 OK
r-devel-linux-x86_64-fedora-gcc 1.2 40.42 OK
r-devel-windows-ix86+x86_64 1.2 5.00 49.00 54.00 OK
r-devel-windows-x86_64-gcc10-UCRT 1.2 OK
r-patched-linux-x86_64 1.2 3.54 30.65 34.19 OK
r-patched-solaris-x86 1.2 59.10 OK
r-release-linux-x86_64 1.2 2.93 30.40 33.33 OK
r-release-macos-x86_64 1.2 OK
r-release-windows-ix86+x86_64 1.2 5.00 37.00 42.00 OK
r-oldrel-macos-x86_64 1.2 OK
r-oldrel-windows-ix86+x86_64 1.2 5.00 6.00 11.00 ERROR

Check Details

Version: 1.2
Check: whether package can be installed
Result: ERROR
    Installation failed.
Flavor: r-oldrel-windows-ix86+x86_64