Last updated on 2024-03-12 07:49:55 CET.
Flavor | Version | Tinstall | Tcheck | Ttotal | Status | Flags |
---|---|---|---|---|---|---|
r-devel-linux-x86_64-debian-clang | 7.3.1 | 24.69 | 417.74 | 442.43 | OK | |
r-devel-linux-x86_64-debian-gcc | 7.3.1 | 21.33 | 312.39 | 333.72 | OK | |
r-devel-linux-x86_64-fedora-clang | 7.3.1 | 539.15 | OK | |||
r-devel-linux-x86_64-fedora-gcc | 7.3.1 | 541.69 | OK | |||
r-devel-windows-x86_64 | 7.3.1 | 25.00 | 337.00 | 362.00 | OK | |
r-patched-linux-x86_64 | 7.3.1 | 23.06 | 408.78 | 431.84 | OK | |
r-release-linux-x86_64 | 7.3.1 | 21.02 | 413.25 | 434.27 | OK | |
r-release-macos-arm64 | 7.3.1 | 140.00 | NOTE | |||
r-release-macos-x86_64 | 7.3.1 | 370.00 | NOTE | |||
r-release-windows-x86_64 | 7.3.1 | 31.00 | 409.00 | 440.00 | OK | |
r-oldrel-macos-arm64 | 7.3.1 | 156.00 | NOTE | |||
r-oldrel-windows-x86_64 | 7.3.1 | 33.00 | 403.00 | 436.00 | OK |
Version: 7.3.1
Check: package dependencies
Result: NOTE
Package suggested but not available for checking: ‘Rmpi’
Flavors: r-release-macos-arm64, r-release-macos-x86_64, r-oldrel-macos-arm64