CRAN Package Check Results for Package HierDpart

Last updated on 2021-09-20 08:50:20 CEST.

Flavor Version Tinstall Tcheck Ttotal Status Flags
r-devel-linux-x86_64-debian-clang 1.5.0 23.44 271.11 294.55 OK
r-devel-linux-x86_64-debian-gcc 1.5.0 22.99 199.50 222.49 OK
r-devel-linux-x86_64-fedora-clang 1.5.0 354.08 OK
r-devel-linux-x86_64-fedora-gcc 1.5.0 338.09 OK
r-devel-windows-x86_64 1.5.0 26.00 237.00 263.00 OK
r-devel-windows-x86_64-gcc10-UCRT 1.5.0 ERROR
r-patched-linux-x86_64 1.5.0 25.77 252.78 278.55 OK
r-patched-solaris-x86 1.5.0 470.80 OK
r-release-linux-x86_64 1.5.0 26.93 253.90 280.83 OK
r-release-macos-arm64 1.5.0 OK
r-release-macos-x86_64 1.5.0 OK
r-release-windows-ix86+x86_64 1.5.0 56.00 293.00 349.00 OK
r-oldrel-macos-x86_64 1.5.0 OK
r-oldrel-windows-ix86+x86_64 1.5.0 59.00 312.00 371.00 OK

Check Details

Version: 1.5.0
Check: whether package can be installed
Result: WARN
    Found the following significant warnings:
     WARNING: installation-time patches will not be applied, could not get the patches index
Flavor: r-devel-windows-x86_64-gcc10-UCRT

Version: 1.5.0
Check: PDF version of manual
Result: WARN
    LaTeX errors when creating PDF version.
    This typically indicates Rd problems.
Flavor: r-devel-windows-x86_64-gcc10-UCRT

Version: 1.5.0
Check: PDF version of manual without hyperrefs or index
Result: ERROR
    Re-running with no redirection of stdout/stderr.
Flavor: r-devel-windows-x86_64-gcc10-UCRT