Last updated on 2024-03-12 07:49:55 CET.
Flavor | Version | Tinstall | Tcheck | Ttotal | Status | Flags |
---|---|---|---|---|---|---|
r-devel-linux-x86_64-debian-clang | 3.0-13 | 20.39 | 203.82 | 224.21 | NOTE | |
r-devel-linux-x86_64-debian-gcc | 3.0-13 | 20.84 | 152.48 | 173.32 | NOTE | |
r-devel-linux-x86_64-fedora-clang | 3.0-13 | 287.60 | NOTE | |||
r-devel-linux-x86_64-fedora-gcc | 3.0-13 | 285.60 | NOTE | |||
r-devel-windows-x86_64 | 3.0-13 | 23.00 | 156.00 | 179.00 | NOTE | |
r-patched-linux-x86_64 | 3.0-13 | 29.57 | 200.23 | 229.80 | OK | |
r-release-linux-x86_64 | 3.0-13 | 25.79 | 199.73 | 225.52 | OK | |
r-release-macos-arm64 | 3.0-13 | 82.00 | OK | |||
r-release-macos-x86_64 | 3.0-13 | 141.00 | OK | |||
r-release-windows-x86_64 | 3.0-13 | 30.00 | 189.00 | 219.00 | OK | |
r-oldrel-macos-arm64 | 3.0-13 | 72.00 | OK | |||
r-oldrel-windows-x86_64 | 3.0-13 | 29.00 | 189.00 | 218.00 | OK |
Version: 3.0-13
Check: Rd files
Result: NOTE
checkRd: (-1) sampleMcmc.Rd:93: Lost braces; missing escapes or markup?
93 | disable some of them, by adding a \code{$UPDATER_NAME=FALSE} pair to the {updater} argument. Another usage of
| ^
Flavors: r-devel-linux-x86_64-debian-clang, r-devel-linux-x86_64-debian-gcc, r-devel-linux-x86_64-fedora-clang, r-devel-linux-x86_64-fedora-gcc, r-devel-windows-x86_64