Last updated on 2024-03-12 07:49:56 CET.
Flavor | Version | Tinstall | Tcheck | Ttotal | Status | Flags |
---|---|---|---|---|---|---|
r-devel-linux-x86_64-debian-clang | 4.0.2 | 37.02 | 47.95 | 84.97 | OK | |
r-devel-linux-x86_64-debian-gcc | 4.0.2 | 26.94 | 38.68 | 65.62 | OK | |
r-devel-linux-x86_64-fedora-clang | 4.0.2 | 110.86 | OK | |||
r-devel-linux-x86_64-fedora-gcc | 4.0.2 | 120.98 | OK | |||
r-devel-windows-x86_64 | 4.0.2 | 27.00 | 84.00 | 111.00 | OK | |
r-patched-linux-x86_64 | 4.0.2 | 33.78 | 47.57 | 81.35 | OK | |
r-release-linux-x86_64 | 4.0.2 | 31.60 | 47.21 | 78.81 | OK | |
r-release-macos-arm64 | 4.0.2 | 50.00 | NOTE | |||
r-release-macos-x86_64 | 4.0.2 | 64.00 | NOTE | |||
r-release-windows-x86_64 | 4.0.2 | 32.00 | 97.00 | 129.00 | OK | |
r-oldrel-macos-arm64 | 4.0.2 | 40.00 | NOTE | |||
r-oldrel-windows-x86_64 | 4.0.2 | 32.00 | 95.00 | 127.00 | OK |
Version: 4.0.2
Check: installed package size
Result: NOTE
installed size is 5.2Mb
sub-directories of 1Mb or more:
libs 5.1Mb
Flavors: r-release-macos-arm64, r-oldrel-macos-arm64
Version: 4.0.2
Check: package dependencies
Result: NOTE
Package suggested but not available for checking: ‘jack’
Flavor: r-release-macos-x86_64