Last updated on 2024-04-24 07:57:42 CEST.
Flavor | Version | Tinstall | Tcheck | Ttotal | Status | Flags |
---|---|---|---|---|---|---|
r-devel-linux-x86_64-debian-clang | 0.1.4 | 8.92 | 61.19 | 70.11 | NOTE | |
r-devel-linux-x86_64-debian-gcc | 0.1.4 | 10.05 | 45.78 | 55.83 | NOTE | |
r-devel-linux-x86_64-fedora-clang | 0.1.4 | 89.48 | NOTE | |||
r-devel-linux-x86_64-fedora-gcc | 0.1.4 | 84.53 | NOTE | |||
r-prerel-macos-arm64 | 0.1.4 | 35.00 | NOTE | |||
r-prerel-windows-x86_64 | 0.1.4 | 12.00 | 74.00 | 86.00 | NOTE | |
r-patched-linux-x86_64 | 0.1.4 | 11.69 | 58.16 | 69.85 | NOTE | |
r-release-linux-x86_64 | 0.1.4 | 11.66 | 59.50 | 71.16 | OK | |
r-release-macos-arm64 | 0.1.4 | 41.00 | OK | |||
r-release-macos-x86_64 | 0.1.4 | 53.00 | OK | |||
r-release-windows-x86_64 | 0.1.4 | 18.00 | 88.00 | 106.00 | OK | |
r-oldrel-macos-arm64 | 0.1.4 | 35.00 | OK | |||
r-oldrel-windows-x86_64 | 0.1.4 | 18.00 | 84.00 | 102.00 | OK |
Version: 0.1.4
Check: Rd files
Result: NOTE
checkRd: (-1) get_p.Rd:29: Lost braces; missing escapes or markup?
29 | \item A numeric p_norm, giving the factor between p_{gs} and phi_{0gs} (see paper for details).
| ^
checkRd: (-1) get_p.Rd:29: Lost braces; missing escapes or markup?
29 | \item A numeric p_norm, giving the factor between p_{gs} and phi_{0gs} (see paper for details).
| ^
Flavors: r-devel-linux-x86_64-debian-clang, r-devel-linux-x86_64-debian-gcc, r-devel-linux-x86_64-fedora-clang, r-devel-linux-x86_64-fedora-gcc, r-prerel-macos-arm64, r-prerel-windows-x86_64, r-patched-linux-x86_64