Last updated on 2024-08-31 08:48:14 CEST.
Flavor | Version | Tinstall | Tcheck | Ttotal | Status | Flags |
---|---|---|---|---|---|---|
r-devel-linux-x86_64-debian-clang | 1.2.5 | 44.62 | 157.74 | 202.36 | OK | |
r-devel-linux-x86_64-debian-gcc | 1.2.5 | 31.84 | 105.95 | 137.79 | OK | |
r-devel-linux-x86_64-fedora-clang | 1.2.5 | 326.50 | NOTE | |||
r-devel-linux-x86_64-fedora-gcc | 1.2.5 | 347.03 | NOTE | |||
r-devel-windows-x86_64 | 1.2.5 | 44.00 | 162.00 | 206.00 | OK | |
r-patched-linux-x86_64 | 1.2.5 | 42.63 | 152.73 | 195.36 | OK | |
r-release-linux-x86_64 | 1.2.5 | 43.37 | 151.06 | 194.43 | OK | |
r-release-macos-arm64 | 1.2.5 | 108.00 | OK | |||
r-release-macos-x86_64 | 1.2.5 | 152.00 | OK | |||
r-release-windows-x86_64 | 1.2.5 | 45.00 | 171.00 | 216.00 | OK | |
r-oldrel-macos-arm64 | 1.2.5 | 116.00 | OK | |||
r-oldrel-macos-x86_64 | 1.2.5 | 174.00 | OK | |||
r-oldrel-windows-x86_64 | 1.2.5 | 58.00 | 203.00 | 261.00 | OK |
Version: 1.2.5
Check: data for non-ASCII characters
Result: NOTE
Note: found 356712 marked UTF-8 strings
Flavors: r-devel-linux-x86_64-fedora-clang, r-devel-linux-x86_64-fedora-gcc