Last updated on 2024-04-24 07:57:42 CEST.
Flavor | Version | Tinstall | Tcheck | Ttotal | Status | Flags |
---|---|---|---|---|---|---|
r-devel-linux-x86_64-debian-clang | 1.2.5 | 43.60 | 208.51 | 252.11 | OK | |
r-devel-linux-x86_64-debian-gcc | 1.2.5 | 39.44 | 155.72 | 195.16 | OK | |
r-devel-linux-x86_64-fedora-clang | 1.2.5 | 328.41 | NOTE | |||
r-devel-linux-x86_64-fedora-gcc | 1.2.5 | 330.26 | NOTE | |||
r-prerel-macos-arm64 | 1.2.5 | 108.00 | OK | |||
r-prerel-windows-x86_64 | 1.2.5 | 44.00 | 153.00 | 197.00 | OK | |
r-patched-linux-x86_64 | 1.2.5 | 45.65 | 199.46 | 245.11 | OK | |
r-release-linux-x86_64 | 1.2.5 | 34.78 | 196.87 | 231.65 | OK | |
r-release-macos-arm64 | 1.2.5 | 116.00 | OK | |||
r-release-macos-x86_64 | 1.2.5 | 174.00 | OK | |||
r-release-windows-x86_64 | 1.2.5 | 57.00 | 195.00 | 252.00 | OK | |
r-oldrel-macos-arm64 | 1.2.5 | 100.00 | OK | |||
r-oldrel-windows-x86_64 | 1.2.5 | 59.00 | 200.00 | 259.00 | OK |
Version: 1.2.5
Check: data for non-ASCII characters
Result: NOTE
Note: found 356712 marked UTF-8 strings
Flavors: r-devel-linux-x86_64-fedora-clang, r-devel-linux-x86_64-fedora-gcc