CRAN Package Check Results for Package IGP

Last updated on 2021-07-29 09:53:27 CEST.

Flavor Version Tinstall Tcheck Ttotal Status Flags
r-devel-linux-x86_64-debian-clang 0.2.0 OK
r-devel-linux-x86_64-debian-gcc 0.2.0 14.61 57.64 72.25 OK
r-devel-linux-x86_64-fedora-clang 0.2.0 123.83 NOTE
r-devel-linux-x86_64-fedora-gcc 0.2.0 112.44 NOTE
r-devel-windows-x86_64 0.2.0 17.00 101.00 118.00 OK
r-devel-windows-x86_64-gcc10-UCRT 0.2.0 NOTE
r-patched-linux-x86_64 0.2.0 21.30 72.69 93.99 OK
r-patched-solaris-x86 0.2.0 157.90 NOTE
r-release-linux-x86_64 0.2.0 16.43 72.82 89.25 OK
r-release-macos-arm64 0.2.0 NOTE
r-release-macos-x86_64 0.2.0 NOTE
r-release-windows-ix86+x86_64 0.2.0 31.00 71.00 102.00 OK
r-oldrel-macos-x86_64 0.2.0 NOTE
r-oldrel-windows-ix86+x86_64 0.2.0 21.00 99.00 120.00 OK

Check Details

Version: 0.2.0
Check: dependencies in R code
Result: NOTE
    Namespace in Imports field not imported from: ‘reticulate’
     All declared Imports should be used.
Flavors: r-devel-linux-x86_64-fedora-clang, r-devel-linux-x86_64-fedora-gcc, r-devel-windows-x86_64-gcc10-UCRT, r-patched-solaris-x86, r-release-macos-arm64, r-release-macos-x86_64, r-oldrel-macos-x86_64